Last updated on 2022-05-17 02:53:23 CEST.
Flavor | Version | Tinstall | Tcheck | Ttotal | Status | Flags |
---|---|---|---|---|---|---|
r-devel-linux-x86_64-debian-clang | 1.0.0 | 6.65 | 68.50 | 75.15 | OK | |
r-devel-linux-x86_64-debian-gcc | 1.0.0 | 5.55 | 50.18 | 55.73 | OK | |
r-devel-linux-x86_64-fedora-clang | 1.0.0 | 87.66 | NOTE | |||
r-devel-linux-x86_64-fedora-gcc | 1.0.0 | 85.03 | NOTE | |||
r-devel-windows-x86_64 | 1.0.0 | 14.00 | 73.00 | 87.00 | OK | |
r-patched-linux-x86_64 | 1.0.0 | 7.41 | 65.27 | 72.68 | OK | |
r-release-linux-x86_64 | 1.0.0 | 5.06 | 63.65 | 68.71 | OK | |
r-release-macos-arm64 | 1.0.0 | 25.00 | NOTE | |||
r-release-macos-x86_64 | 1.0.0 | 36.00 | NOTE | |||
r-release-windows-x86_64 | 1.0.0 | 12.00 | 72.00 | 84.00 | OK | |
r-oldrel-macos-arm64 | 1.0.0 | 26.00 | NOTE | |||
r-oldrel-macos-x86_64 | 1.0.0 | 35.00 | NOTE | |||
r-oldrel-windows-ix86+x86_64 | 1.0.0 | 19.00 | 70.00 | 89.00 | OK |
Version: 1.0.0
Check: dependencies in R code
Result: NOTE
Namespaces in Imports field not imported from:
‘arkhe’ ‘dimensio’ ‘folio’ ‘kairos’ ‘khroma’ ‘tabula’
All declared Imports should be used.
Flavors: r-devel-linux-x86_64-fedora-clang, r-devel-linux-x86_64-fedora-gcc, r-release-macos-arm64, r-release-macos-x86_64, r-oldrel-macos-arm64, r-oldrel-macos-x86_64