Last updated on 2023-12-11 21:00:41 CET.
Flavor | Version | Tinstall | Tcheck | Ttotal | Status | Flags |
---|---|---|---|---|---|---|
r-devel-linux-x86_64-debian-clang | 0.9.0 | 28.34 | 562.76 | 591.10 | OK | |
r-devel-linux-x86_64-debian-gcc | 0.9.3 | 29.22 | 440.29 | 469.51 | OK | |
r-devel-linux-x86_64-fedora-clang | 0.9.3 | 806.13 | NOTE | |||
r-devel-linux-x86_64-fedora-gcc | 0.9.3 | 463.86 | OK | |||
r-devel-windows-x86_64 | 0.9.3 | 33.00 | 458.00 | 491.00 | NOTE | |
r-patched-linux-x86_64 | 0.9.0 | 44.94 | 540.24 | 585.18 | OK | |
r-release-linux-x86_64 | 0.9.3 | 33.26 | 572.90 | 606.16 | OK | |
r-release-macos-arm64 | 0.9.3 | 158.00 | NOTE | |||
r-release-macos-x86_64 | 0.9.3 | 269.00 | NOTE | |||
r-release-windows-x86_64 | 0.9.3 | 39.00 | 425.00 | 464.00 | NOTE | |
r-oldrel-macos-arm64 | 0.9.3 | 151.00 | NOTE | |||
r-oldrel-macos-x86_64 | 0.9.0 | 219.00 | NOTE | |||
r-oldrel-windows-x86_64 | 0.9.0 | 38.00 | 520.00 | 558.00 | NOTE |
Version: 0.9.3
Check: installed package size
Result: NOTE
installed size is 8.5Mb
sub-directories of 1Mb or more:
doc 4.5Mb
help 2.7Mb
Flavors: r-devel-linux-x86_64-fedora-clang, r-devel-windows-x86_64, r-release-macos-arm64, r-release-macos-x86_64, r-release-windows-x86_64, r-oldrel-macos-arm64
Version: 0.9.0
Check: installed package size
Result: NOTE
installed size is 6.5Mb
sub-directories of 1Mb or more:
doc 4.5Mb
Flavors: r-oldrel-macos-x86_64, r-oldrel-windows-x86_64