CRAN Package Check Results for Package teda

Last updated on 2024-02-29 14:54:23 CET.

Flavor Version Tinstall Tcheck Ttotal Status Flags
r-devel-linux-x86_64-debian-clang 0.1.1 1.95 23.74 25.69 NOTE
r-devel-linux-x86_64-debian-gcc 0.1.1 1.53 18.43 19.96 NOTE
r-devel-linux-x86_64-fedora-clang 0.1.1 32.33 NOTE
r-devel-linux-x86_64-fedora-gcc 0.1.1 30.85 NOTE
r-devel-windows-x86_64 0.1.1 3.00 42.00 45.00 NOTE
r-patched-linux-x86_64 0.1.1 1.84 24.01 25.85 NOTE
r-release-linux-x86_64 0.1.1 1.93 23.73 25.66 NOTE
r-release-macos-arm64 0.1.1 17.00 NOTE
r-release-macos-x86_64 0.1.1 20.00 NOTE
r-release-windows-x86_64 0.1.1 2.00 42.00 44.00 NOTE
r-oldrel-macos-arm64 0.1.1 17.00 NOTE
r-oldrel-windows-x86_64 0.1.1 4.00 45.00 49.00 NOTE

Check Details

Version: 0.1.1
Check: LazyData
Result: NOTE 'LazyData' is specified without a 'data' directory Flavors: r-devel-linux-x86_64-debian-clang, r-devel-linux-x86_64-debian-gcc, r-devel-linux-x86_64-fedora-clang, r-devel-linux-x86_64-fedora-gcc, r-devel-windows-x86_64, r-patched-linux-x86_64, r-release-linux-x86_64, r-release-macos-arm64, r-release-macos-x86_64, r-release-windows-x86_64, r-oldrel-macos-arm64, r-oldrel-windows-x86_64