CRAN Package Check Results for Package tectonicr

Last updated on 2024-06-13 23:57:11 CEST.

Flavor Version Tinstall Tcheck Ttotal Status Flags
r-devel-linux-x86_64-debian-clang 0.3.2 43.16 563.17 606.33 OK
r-devel-linux-x86_64-debian-gcc 0.3.2 0.74 1.81 2.55 ERROR
r-devel-linux-x86_64-fedora-clang 0.3.2 457.96 OK
r-devel-linux-x86_64-fedora-gcc 0.3.2 445.50 OK
r-devel-windows-x86_64 0.3.2 32.00 367.00 399.00 OK
r-patched-linux-x86_64 0.3.2 36.31 527.64 563.95 OK
r-release-linux-x86_64 0.3.2 26.88 523.55 550.43 OK
r-release-macos-arm64 181.00 OK
r-release-macos-x86_64 0.3.2 305.00 OK
r-release-windows-x86_64 0.3.2 36.00 362.00 398.00 OK
r-oldrel-macos-arm64 0.3.2 203.00 OK
r-oldrel-macos-x86_64 0.3.2 493.00 OK
r-oldrel-windows-x86_64 0.3.2 45.00 512.00 557.00 OK

Check Details

Version: 0.3.2
Check: package dependencies
Result: ERROR Packages required but not available: 'dplyr', 'ggplot2', 'tidyr', 'viridis' Packages suggested but not available for checking: 'ggforce', 'roxygen2', 'testthat', 'tidyterra' See section ‘The DESCRIPTION file’ in the ‘Writing R Extensions’ manual. Flavor: r-devel-linux-x86_64-debian-gcc