CRAN Package Check Results for Package teamr

Last updated on 2020-01-24 09:51:27 CET.

Flavor Version Tinstall Tcheck Ttotal Status Flags
r-devel-linux-x86_64-debian-clang 0.0.1 4.29 16.96 21.25 OK
r-devel-linux-x86_64-debian-gcc 0.0.1 3.50 13.97 17.47 OK
r-devel-linux-x86_64-fedora-clang 0.0.1 27.12 NOTE
r-devel-linux-x86_64-fedora-gcc 0.0.1 25.74 NOTE
r-devel-windows-ix86+x86_64 0.0.1 8.00 41.00 49.00 OK
r-devel-windows-ix86+x86_64-gcc8 0.0.1 13.00 43.00 56.00 OK
r-patched-linux-x86_64 0.0.1 2.80 15.98 18.78 OK
r-patched-solaris-x86 0.0.1 36.00 NOTE
r-release-linux-x86_64 0.0.1 3.02 15.76 18.78 OK
r-release-windows-ix86+x86_64 0.0.1 5.00 37.00 42.00 OK
r-release-osx-x86_64 0.0.1 NOTE
r-oldrel-windows-ix86+x86_64 0.0.1 4.00 33.00 37.00 OK
r-oldrel-osx-x86_64 0.0.1 NOTE

Check Details

Version: 0.0.1
Check: dependencies in R code
Result: NOTE
    Namespaces in Imports field not imported from:
     ‘httr’ ‘jsonlite’
     All declared Imports should be used.
Flavors: r-devel-linux-x86_64-fedora-clang, r-devel-linux-x86_64-fedora-gcc, r-patched-solaris-x86, r-release-osx-x86_64, r-oldrel-osx-x86_64