Last updated on 2022-06-26 15:53:12 CEST.
Flavor | Version | Tinstall | Tcheck | Ttotal | Status | Flags |
---|---|---|---|---|---|---|
r-devel-linux-x86_64-debian-clang | 1.0.8 | 228.69 | 107.33 | 336.02 | NOTE | |
r-devel-linux-x86_64-debian-gcc | 1.0.8 | 189.02 | 79.19 | 268.21 | NOTE | |
r-devel-linux-x86_64-fedora-clang | 1.0.8 | 538.02 | NOTE | |||
r-devel-linux-x86_64-fedora-gcc | 1.0.8 | 455.64 | NOTE | |||
r-devel-windows-x86_64 | 1.0.8 | 845.00 | 159.00 | 1004.00 | NOTE | |
r-patched-linux-x86_64 | 1.0.8 | 189.80 | 103.43 | 293.23 | NOTE | |
r-release-linux-x86_64 | 1.0.8 | 182.73 | 103.66 | 286.39 | NOTE | |
r-release-macos-arm64 | 1.0.8 | 109.00 | NOTE | |||
r-release-macos-x86_64 | 1.0.8 | 172.00 | NOTE | |||
r-release-windows-x86_64 | 1.0.8 | 748.00 | 161.00 | 909.00 | NOTE | |
r-oldrel-macos-arm64 | 1.0.8 | 112.00 | NOTE | |||
r-oldrel-macos-x86_64 | 1.0.8 | 180.00 | NOTE | |||
r-oldrel-windows-ix86+x86_64 | 1.0.8 | 595.00 | 184.00 | 779.00 | NOTE |
Version: 1.0.8
Check: LazyData
Result: NOTE
'LazyData' is specified without a 'data' directory
Flavors: r-devel-linux-x86_64-debian-clang, r-devel-linux-x86_64-debian-gcc, r-devel-linux-x86_64-fedora-clang, r-devel-linux-x86_64-fedora-gcc, r-devel-windows-x86_64, r-patched-linux-x86_64, r-release-linux-x86_64, r-release-macos-arm64, r-release-macos-x86_64, r-release-windows-x86_64, r-oldrel-macos-arm64, r-oldrel-macos-x86_64, r-oldrel-windows-ix86+x86_64
Version: 1.0.8
Check: installed package size
Result: NOTE
installed size is 13.4Mb
sub-directories of 1Mb or more:
apps 3.2Mb
libs 8.2Mb
Flavors: r-devel-linux-x86_64-fedora-clang, r-release-macos-arm64, r-release-macos-x86_64, r-oldrel-macos-arm64, r-oldrel-macos-x86_64, r-oldrel-windows-ix86+x86_64