Last updated on 2022-06-26 02:51:24 CEST.
Flavor | Version | Tinstall | Tcheck | Ttotal | Status | Flags |
---|---|---|---|---|---|---|
r-devel-linux-x86_64-debian-clang | 1.2-11 | 5.15 | 38.58 | 43.73 | NOTE | |
r-devel-linux-x86_64-debian-gcc | 1.2-11 | 5.38 | 30.34 | 35.72 | NOTE | |
r-devel-linux-x86_64-fedora-clang | 1.2-11 | 65.64 | NOTE | |||
r-devel-linux-x86_64-fedora-gcc | 1.2-11 | 64.33 | NOTE | |||
r-devel-windows-x86_64 | 1.2-11 | 492.00 | 75.00 | 567.00 | NOTE | |
r-patched-linux-x86_64 | 1.2-11 | 8.30 | 40.90 | 49.20 | NOTE | |
r-release-linux-x86_64 | 1.2-11 | 7.01 | 41.33 | 48.34 | NOTE | |
r-release-macos-arm64 | 1.2-11 | 38.00 | NOTE | |||
r-release-macos-x86_64 | 1.2-11 | 45.00 | NOTE | |||
r-release-windows-x86_64 | 1.2-11 | 34.00 | 71.00 | 105.00 | NOTE | |
r-oldrel-macos-arm64 | 1.2-11 | 43.00 | NOTE | |||
r-oldrel-macos-x86_64 | 1.2-11 | 72.00 | NOTE | |||
r-oldrel-windows-ix86+x86_64 | 1.2-11 | 12.00 | 38.00 | 50.00 | NOTE |
Version: 1.2-11
Check: DESCRIPTION meta-information
Result: NOTE
Malformed Description field: should contain one or more complete sentences.
Flavors: r-devel-linux-x86_64-debian-clang, r-devel-linux-x86_64-debian-gcc, r-devel-linux-x86_64-fedora-clang, r-devel-linux-x86_64-fedora-gcc, r-devel-windows-x86_64, r-patched-linux-x86_64, r-release-linux-x86_64, r-release-macos-arm64, r-release-macos-x86_64, r-release-windows-x86_64, r-oldrel-macos-arm64, r-oldrel-macos-x86_64, r-oldrel-windows-ix86+x86_64
Version: 1.2-11
Check: installed package size
Result: NOTE
installed size is 5.2Mb
sub-directories of 1Mb or more:
tklibs 4.9Mb
Flavors: r-devel-linux-x86_64-fedora-clang, r-release-macos-arm64, r-release-macos-x86_64, r-oldrel-macos-arm64, r-oldrel-macos-x86_64