CRAN Package Check Results for Package tcR

Last updated on 2019-06-24 15:48:31 CEST.

Flavor Version Tinstall Tcheck Ttotal Status Flags
r-devel-linux-x86_64-debian-clang 2.2.4 23.47 116.08 139.55 OK
r-devel-linux-x86_64-debian-gcc 2.2.4 20.38 89.34 109.72 OK
r-devel-linux-x86_64-fedora-clang 2.2.4 172.60 NOTE
r-devel-linux-x86_64-fedora-gcc 2.2.4 161.01 OK
r-devel-windows-ix86+x86_64 2.2.4 85.00 166.00 251.00 NOTE
r-patched-linux-x86_64 2.2.4 22.92 111.14 134.06 OK
r-patched-solaris-x86 2.2.4 237.00 NOTE
r-release-linux-x86_64 2.2.4 22.94 110.03 132.97 OK
r-release-windows-ix86+x86_64 2.2.4 55.00 236.00 291.00 NOTE
r-release-osx-x86_64 2.2.4 NOTE
r-oldrel-windows-ix86+x86_64 2.2.4 46.00 145.00 191.00 NOTE
r-oldrel-osx-x86_64 2.2.4 NOTE

Check Details

Version: 2.2.4
Check: installed package size
Result: NOTE
     installed size is 6.8Mb
     sub-directories of 1Mb or more:
     data 1.4Mb
     doc 3.9Mb
Flavors: r-devel-linux-x86_64-fedora-clang, r-devel-windows-ix86+x86_64, r-patched-solaris-x86, r-release-windows-ix86+x86_64, r-release-osx-x86_64, r-oldrel-windows-ix86+x86_64, r-oldrel-osx-x86_64