CRAN Package Check Results for Package tcR

Last updated on 2019-04-19 18:47:21 CEST.

Flavor Version Tinstall Tcheck Ttotal Status Flags
r-devel-linux-x86_64-debian-clang 2.2.4 24.05 117.04 141.09 OK
r-devel-linux-x86_64-debian-gcc 2.2.4 20.44 88.04 108.48 OK
r-devel-linux-x86_64-fedora-clang 2.2.4 171.80 NOTE
r-devel-linux-x86_64-fedora-gcc 2.2.4 160.61 OK
r-devel-windows-ix86+x86_64 2.2.4 70.00 167.00 237.00 NOTE
r-patched-linux-x86_64 2.2.4 23.68 111.71 135.39 OK
r-patched-solaris-x86 2.2.4 213.40 NOTE
r-release-linux-x86_64 2.2.4 21.73 108.12 129.85 OK
r-release-windows-ix86+x86_64 2.2.4 49.00 216.00 265.00 NOTE
r-release-osx-x86_64 2.2.4 NOTE
r-oldrel-windows-ix86+x86_64 2.2.4 62.00 223.00 285.00 NOTE
r-oldrel-osx-x86_64 2.2.3 NOTE

Check Details

Version: 2.2.4
Check: installed package size
Result: NOTE
     installed size is 6.8Mb
     sub-directories of 1Mb or more:
     data 1.4Mb
     doc 3.9Mb
Flavors: r-devel-linux-x86_64-fedora-clang, r-devel-windows-ix86+x86_64, r-patched-solaris-x86, r-release-windows-ix86+x86_64, r-release-osx-x86_64, r-oldrel-windows-ix86+x86_64

Version: 2.2.3
Check: installed package size
Result: NOTE
     installed size is 6.6Mb
     sub-directories of 1Mb or more:
     data 1.4Mb
     doc 3.9Mb
Flavor: r-oldrel-osx-x86_64