CRAN Package Check Results for Package tbl2xts

Last updated on 2020-07-04 20:47:43 CEST.

Flavor Version Tinstall Tcheck Ttotal Status Flags
r-devel-linux-x86_64-debian-clang 0.1.3 3.87 35.34 39.21 OK
r-devel-linux-x86_64-debian-gcc 0.1.3 3.37 27.48 30.85 OK
r-devel-linux-x86_64-fedora-clang 0.1.3 56.49 NOTE
r-devel-linux-x86_64-fedora-gcc 0.1.3 48.75 NOTE
r-devel-windows-ix86+x86_64 0.1.3 18.00 50.00 68.00 OK
r-patched-linux-x86_64 0.1.3 4.40 34.27 38.67 OK
r-patched-solaris-x86 0.1.3 69.60 NOTE
r-release-linux-x86_64 0.1.3 3.77 34.63 38.40 OK
r-release-osx-x86_64 0.1.3 NOTE
r-release-windows-ix86+x86_64 0.1.3 11.00 50.00 61.00 OK
r-oldrel-osx-x86_64 0.1.3 NOTE
r-oldrel-windows-ix86+x86_64 0.1.3 30.00 70.00 100.00 OK

Check Details

Version: 0.1.3
Check: dependencies in R code
Result: NOTE
    Namespace in Imports field not imported from: ‘PerformanceAnalytics’
     All declared Imports should be used.
Flavors: r-devel-linux-x86_64-fedora-clang, r-devel-linux-x86_64-fedora-gcc, r-patched-solaris-x86, r-release-osx-x86_64, r-oldrel-osx-x86_64