CRAN Package Check Results for Package tbl2xts

Last updated on 2020-04-04 16:48:50 CEST.

Flavor Version Tinstall Tcheck Ttotal Status Flags
r-devel-linux-x86_64-debian-clang 0.1.3 4.65 39.99 44.64 OK
r-devel-linux-x86_64-debian-gcc 0.1.3 4.02 31.54 35.56 OK
r-devel-linux-x86_64-fedora-clang 0.1.3 56.78 NOTE
r-devel-linux-x86_64-fedora-gcc 0.1.3 48.72 NOTE
r-devel-windows-ix86+x86_64 0.1.3 14.00 50.00 64.00 OK
r-devel-windows-ix86+x86_64-gcc8 0.1.3 11.00 59.00 70.00 OK
r-patched-linux-x86_64 0.1.3 4.42 38.18 42.60 OK
r-patched-solaris-x86 0.1.3 76.80 NOTE
r-release-linux-x86_64 0.1.3 3.86 35.71 39.57 OK
r-release-windows-ix86+x86_64 0.1.3 11.00 85.00 96.00 OK
r-release-osx-x86_64 0.1.3 NOTE
r-oldrel-windows-ix86+x86_64 0.1.3 6.00 56.00 62.00 OK
r-oldrel-osx-x86_64 0.1.3 NOTE

Check Details

Version: 0.1.3
Check: dependencies in R code
Result: NOTE
    Namespace in Imports field not imported from: ‘PerformanceAnalytics’
     All declared Imports should be used.
Flavors: r-devel-linux-x86_64-fedora-clang, r-devel-linux-x86_64-fedora-gcc, r-patched-solaris-x86, r-release-osx-x86_64, r-oldrel-osx-x86_64