CRAN Package Check Results for Package tbl2xts

Last updated on 2020-01-25 06:51:32 CET.

Flavor Version Tinstall Tcheck Ttotal Status Flags
r-devel-linux-x86_64-debian-clang 0.1.3 4.51 36.40 40.91 OK
r-devel-linux-x86_64-debian-gcc 0.1.3 3.43 28.89 32.32 OK
r-devel-linux-x86_64-fedora-clang 0.1.3 53.16 NOTE
r-devel-linux-x86_64-fedora-gcc 0.1.3 48.01 NOTE
r-devel-windows-ix86+x86_64 0.1.3 11.00 73.00 84.00 OK
r-devel-windows-ix86+x86_64-gcc8 0.1.3 19.00 51.00 70.00 OK
r-patched-linux-x86_64 0.1.3 3.81 32.34 36.15 OK
r-patched-solaris-x86 0.1.3 71.50 NOTE
r-release-linux-x86_64 0.1.3 3.94 31.94 35.88 OK
r-release-windows-ix86+x86_64 0.1.3 8.00 70.00 78.00 OK
r-release-osx-x86_64 0.1.3 NOTE
r-oldrel-windows-ix86+x86_64 0.1.3 6.00 45.00 51.00 OK
r-oldrel-osx-x86_64 0.1.3 NOTE

Check Details

Version: 0.1.3
Check: dependencies in R code
Result: NOTE
    Namespace in Imports field not imported from: ‘PerformanceAnalytics’
     All declared Imports should be used.
Flavors: r-devel-linux-x86_64-fedora-clang, r-devel-linux-x86_64-fedora-gcc, r-patched-solaris-x86, r-release-osx-x86_64, r-oldrel-osx-x86_64