CRAN Package Check Results for Package taylor

Last updated on 2021-12-03 00:48:59 CET.

Flavor Version Tinstall Tcheck Ttotal Status Flags
r-devel-linux-x86_64-debian-clang 0.2.1 6.59 64.06 70.65 OK
r-devel-linux-x86_64-debian-gcc 0.2.1 5.14 46.46 51.60 OK
r-devel-linux-x86_64-fedora-clang 0.2.1 101.72 NOTE
r-devel-linux-x86_64-fedora-gcc 0.2.1 78.88 NOTE
r-devel-windows-x86_64-new-UL 0.2.1 18.00 105.00 123.00 OK
r-devel-windows-x86_64-new-TK 0.2.1 NOTE
r-devel-windows-x86_64-old 0.2.1 10.00 66.00 76.00 OK
r-patched-linux-x86_64 0.2.1 6.14 56.76 62.90 OK
r-patched-solaris-x86 0.2.1 110.30 NOTE
r-release-linux-x86_64 0.2.1 6.00 56.27 62.27 OK
r-release-macos-arm64 0.2.1 NOTE
r-release-macos-x86_64 0.2.1 NOTE
r-release-windows-ix86+x86_64 0.2.1 14.00 82.00 96.00 OK
r-oldrel-macos-x86_64 0.2.1 NOTE
r-oldrel-windows-ix86+x86_64 0.2.1 14.00 83.00 97.00 OK

Check Details

Version: 0.2.1
Check: data for non-ASCII characters
Result: NOTE
     Note: found 596 marked UTF-8 strings
Flavors: r-devel-linux-x86_64-fedora-clang, r-devel-linux-x86_64-fedora-gcc, r-devel-windows-x86_64-new-TK, r-patched-solaris-x86, r-release-macos-arm64, r-release-macos-x86_64, r-oldrel-macos-x86_64