Last updated on 2023-11-29 12:57:05 CET.
Flavor | Version | Tinstall | Tcheck | Ttotal | Status | Flags |
---|---|---|---|---|---|---|
r-devel-linux-x86_64-debian-clang | 0.3 | 189.50 | 157.66 | 347.16 | WARN | |
r-devel-linux-x86_64-debian-gcc | 0.3 | 139.98 | 134.81 | 274.79 | NOTE | |
r-devel-linux-x86_64-fedora-clang | 0.3 | 510.40 | WARN | |||
r-devel-linux-x86_64-fedora-gcc | 0.3 | 500.04 | NOTE | |||
r-devel-windows-x86_64 | 0.3 | 146.00 | 145.00 | 291.00 | NOTE | |
r-patched-linux-x86_64 | 0.3 | 150.53 | 148.37 | 298.90 | NOTE | |
r-release-linux-x86_64 | 0.3 | 119.28 | 146.28 | 265.56 | NOTE | |
r-release-macos-arm64 | 0.3 | 113.00 | NOTE | |||
r-release-macos-x86_64 | 0.3 | 194.00 | NOTE | |||
r-release-windows-x86_64 | 0.3 | 202.00 | 185.00 | 387.00 | NOTE | |
r-oldrel-macos-arm64 | 0.3 | 118.00 | NOTE | |||
r-oldrel-macos-x86_64 | 0.3 | 137.00 | NOTE | |||
r-oldrel-windows-x86_64 | 0.3 | 189.00 | 172.00 | 361.00 | OK |
Version: 0.3
Check: whether package can be installed
Result: WARN
Found the following significant warnings:
RcppExports.cpp:52:18: warning: format string is not a string literal (potentially insecure) [-Wformat-security]
RcppExports.cpp:91:18: warning: format string is not a string literal (potentially insecure) [-Wformat-security]
RcppExports.cpp:128:18: warning: format string is not a string literal (potentially insecure) [-Wformat-security]
RcppExports.cpp:169:18: warning: format string is not a string literal (potentially insecure) [-Wformat-security]
RcppExports.cpp:210:18: warning: format string is not a string literal (potentially insecure) [-Wformat-security]
RcppExports.cpp:249:18: warning: format string is not a string literal (potentially insecure) [-Wformat-security]
RcppExports.cpp:290:18: warning: format string is not a string literal (potentially insecure) [-Wformat-security]
RcppExports.cpp:332:18: warning: format string is not a string literal (potentially insecure) [-Wformat-security]
RcppExports.cpp:374:18: warning: format string is not a string literal (potentially insecure) [-Wformat-security]
RcppExports.cpp:414:18: warning: format string is not a string literal (potentially insecure) [-Wformat-security]
RcppExports.cpp:452:18: warning: format string is not a string literal (potentially insecure) [-Wformat-security]
RcppExports.cpp:486:18: warning: format string is not a string literal (potentially insecure) [-Wformat-security]
RcppExports.cpp:522:18: warning: format string is not a string literal (potentially insecure) [-Wformat-security]
RcppExports.cpp:558:18: warning: format string is not a string literal (potentially insecure) [-Wformat-security]
RcppExports.cpp:594:18: warning: format string is not a string literal (potentially insecure) [-Wformat-security]
See ‘/home/hornik/tmp/R.check/r-devel-clang/Work/PKGS/targeted.Rcheck/00install.out’ for details.
* used C++ compiler: ‘Debian clang version 17.0.5 (1)’
Flavor: r-devel-linux-x86_64-debian-clang
Version: 0.3
Check: C++ specification
Result: NOTE
Specified C++11: please drop specification unless essential
Flavors: r-devel-linux-x86_64-debian-clang, r-devel-linux-x86_64-debian-gcc, r-devel-linux-x86_64-fedora-clang, r-devel-linux-x86_64-fedora-gcc, r-devel-windows-x86_64, r-patched-linux-x86_64, r-release-linux-x86_64, r-release-macos-arm64, r-release-macos-x86_64, r-release-windows-x86_64
Version: 0.3
Check: Rd files
Result: NOTE
checkRd: (-1) NB-class.Rd:30: Lost braces in \itemize; meant \describe ?
checkRd: (-1) NB-class.Rd:31: Lost braces in \itemize; meant \describe ?
checkRd: (-1) calibration-class.Rd:25: Lost braces in \itemize; meant \describe ?
checkRd: (-1) calibration-class.Rd:26: Lost braces in \itemize; meant \describe ?
checkRd: (-1) calibration-class.Rd:27: Lost braces in \itemize; meant \describe ?
checkRd: (-1) cross_validated-class.Rd:29: Lost braces in \itemize; meant \describe ?
checkRd: (-1) cross_validated-class.Rd:30: Lost braces in \itemize; meant \describe ?
checkRd: (-1) cross_validated-class.Rd:31: Lost braces in \itemize; meant \describe ?
checkRd: (-1) specify_ode.Rd:26: Lost braces in \itemize; meant \describe ?
checkRd: (-1) specify_ode.Rd:27-28: Lost braces in \itemize; meant \describe ?
checkRd: (-1) specify_ode.Rd:29: Lost braces in \itemize; meant \describe ?
checkRd: (-1) specify_ode.Rd:30: Lost braces in \itemize; meant \describe ?
checkRd: (-1) targeted-class.Rd:28: Lost braces in \itemize; meant \describe ?
checkRd: (-1) targeted-class.Rd:29: Lost braces in \itemize; meant \describe ?
checkRd: (-1) targeted-class.Rd:30: Lost braces in \itemize; meant \describe ?
checkRd: (-1) targeted-class.Rd:31: Lost braces in \itemize; meant \describe ?
checkRd: (-1) targeted-class.Rd:32: Lost braces in \itemize; meant \describe ?
Flavors: r-devel-linux-x86_64-debian-clang, r-devel-linux-x86_64-debian-gcc
Version: 0.3
Check: whether package can be installed
Result: WARN
Found the following significant warnings:
RcppExports.cpp:52:18: warning: format string is not a string literal (potentially insecure) [-Wformat-security]
RcppExports.cpp:91:18: warning: format string is not a string literal (potentially insecure) [-Wformat-security]
RcppExports.cpp:128:18: warning: format string is not a string literal (potentially insecure) [-Wformat-security]
RcppExports.cpp:169:18: warning: format string is not a string literal (potentially insecure) [-Wformat-security]
RcppExports.cpp:210:18: warning: format string is not a string literal (potentially insecure) [-Wformat-security]
RcppExports.cpp:249:18: warning: format string is not a string literal (potentially insecure) [-Wformat-security]
RcppExports.cpp:290:18: warning: format string is not a string literal (potentially insecure) [-Wformat-security]
RcppExports.cpp:332:18: warning: format string is not a string literal (potentially insecure) [-Wformat-security]
RcppExports.cpp:374:18: warning: format string is not a string literal (potentially insecure) [-Wformat-security]
RcppExports.cpp:414:18: warning: format string is not a string literal (potentially insecure) [-Wformat-security]
RcppExports.cpp:452:18: warning: format string is not a string literal (potentially insecure) [-Wformat-security]
RcppExports.cpp:486:18: warning: format string is not a string literal (potentially insecure) [-Wformat-security]
RcppExports.cpp:522:18: warning: format string is not a string literal (potentially insecure) [-Wformat-security]
RcppExports.cpp:558:18: warning: format string is not a string literal (potentially insecure) [-Wformat-security]
RcppExports.cpp:594:18: warning: format string is not a string literal (potentially insecure) [-Wformat-security]
See ‘/data/gannet/ripley/R/packages/tests-clang/targeted.Rcheck/00install.out’ for details.
* used C++ compiler: ‘clang version 17.0.5’
Flavor: r-devel-linux-x86_64-fedora-clang
Version: 0.3
Check: installed package size
Result: NOTE
installed size is 12.1Mb
sub-directories of 1Mb or more:
libs 10.9Mb
Flavors: r-release-macos-arm64, r-release-macos-x86_64, r-oldrel-macos-arm64, r-oldrel-macos-x86_64
Version: 0.3
Check: package dependencies
Result: NOTE
Package suggested but not available for checking: ‘SuperLearner’
Flavor: r-release-macos-x86_64