CRAN Package Check Results for Package tadaatoolbox

Last updated on 2018-10-15 21:49:07 CEST.

Flavor Version Tinstall Tcheck Ttotal Status Flags
r-devel-linux-x86_64-debian-clang 0.16.0 7.56 123.27 130.83 OK
r-devel-linux-x86_64-debian-gcc 0.16.0 7.33 96.09 103.42 OK
r-devel-linux-x86_64-fedora-clang 0.16.0 153.58 NOTE
r-devel-linux-x86_64-fedora-gcc 0.16.0 152.61 NOTE
r-devel-windows-ix86+x86_64 0.16.0 27.00 131.00 158.00 OK
r-patched-linux-x86_64 0.16.0 7.56 104.49 112.05 OK
r-patched-solaris-x86 0.16.0 201.40 NOTE
r-release-linux-x86_64 0.16.0 6.34 104.30 110.64 OK
r-release-windows-ix86+x86_64 0.16.0 21.00 170.00 191.00 OK
r-release-osx-x86_64 0.16.0 NOTE
r-oldrel-windows-ix86+x86_64 0.16.0 24.00 168.00 192.00 OK
r-oldrel-osx-x86_64 0.16.0 NOTE

Check Details

Version: 0.16.0
Check: data for non-ASCII characters
Result: NOTE
     Note: found 3 marked UTF-8 strings
Flavors: r-devel-linux-x86_64-fedora-clang, r-devel-linux-x86_64-fedora-gcc, r-patched-solaris-x86, r-release-osx-x86_64, r-oldrel-osx-x86_64