CRAN Package Check Results for Package tadaatoolbox

Last updated on 2018-12-12 13:48:00 CET.

Flavor Version Tinstall Tcheck Ttotal Status Flags
r-devel-linux-x86_64-debian-clang 0.16.1 8.18 118.67 126.85 OK
r-devel-linux-x86_64-debian-gcc 0.16.1 5.71 92.61 98.32 OK
r-devel-linux-x86_64-fedora-clang 0.16.1 144.12 NOTE
r-devel-linux-x86_64-fedora-gcc 0.16.1 141.51 NOTE
r-devel-windows-ix86+x86_64 0.16.1 26.00 138.00 164.00 OK
r-patched-linux-x86_64 0.16.1 7.24 111.18 118.42 OK
r-patched-solaris-x86 0.16.1 216.50 NOTE
r-release-linux-x86_64 0.16.1 6.84 111.91 118.75 OK
r-release-windows-ix86+x86_64 0.16.1 13.00 126.00 139.00 OK
r-release-osx-x86_64 0.16.1 NOTE
r-oldrel-windows-ix86+x86_64 0.16.1 14.00 170.00 184.00 OK
r-oldrel-osx-x86_64 0.16.1 NOTE

Check Details

Version: 0.16.1
Check: data for non-ASCII characters
Result: NOTE
     Note: found 3 marked UTF-8 strings
Flavors: r-devel-linux-x86_64-fedora-clang, r-devel-linux-x86_64-fedora-gcc, r-patched-solaris-x86, r-release-osx-x86_64, r-oldrel-osx-x86_64