CRAN Package Check Results for Package tadaatoolbox

Last updated on 2019-04-23 12:48:23 CEST.

Flavor Version Tinstall Tcheck Ttotal Status Flags
r-devel-linux-x86_64-debian-clang 0.16.1 12.34 127.00 139.34 OK
r-devel-linux-x86_64-debian-gcc 0.16.1 9.75 97.90 107.65 OK
r-devel-linux-x86_64-fedora-clang 0.16.1 164.66 NOTE
r-devel-linux-x86_64-fedora-gcc 0.16.1 157.28 NOTE
r-devel-windows-ix86+x86_64 0.16.1 33.00 137.00 170.00 OK
r-patched-linux-x86_64 0.16.1 12.03 123.98 136.01 OK
r-patched-solaris-x86 0.16.1 226.60 NOTE
r-release-linux-x86_64 0.16.1 7.03 118.36 125.39 OK
r-release-windows-ix86+x86_64 0.16.1 14.00 181.00 195.00 OK
r-release-osx-x86_64 0.16.1 NOTE
r-oldrel-windows-ix86+x86_64 0.16.1 23.00 254.00 277.00 OK
r-oldrel-osx-x86_64 0.16.1 NOTE

Check Details

Version: 0.16.1
Check: data for non-ASCII characters
Result: NOTE
     Note: found 3 marked UTF-8 strings
Flavors: r-devel-linux-x86_64-fedora-clang, r-devel-linux-x86_64-fedora-gcc, r-patched-solaris-x86, r-release-osx-x86_64, r-oldrel-osx-x86_64