CRAN Package Check Results for Package tadaatoolbox

Last updated on 2019-02-19 11:52:30 CET.

Flavor Version Tinstall Tcheck Ttotal Status Flags
r-devel-linux-x86_64-debian-clang 0.16.1 7.69 122.94 130.63 OK
r-devel-linux-x86_64-debian-gcc 0.16.1 6.28 96.22 102.50 OK
r-devel-linux-x86_64-fedora-clang 0.16.1 156.97 NOTE
r-devel-linux-x86_64-fedora-gcc 0.16.1 144.47 NOTE
r-devel-windows-ix86+x86_64 0.16.1 22.00 195.00 217.00 OK
r-patched-linux-x86_64 0.16.1 6.70 112.05 118.75 OK
r-patched-solaris-x86 0.16.1 219.20 NOTE
r-release-linux-x86_64 0.16.1 6.59 111.53 118.12 OK
r-release-windows-ix86+x86_64 0.16.1 14.00 197.00 211.00 OK
r-release-osx-x86_64 0.16.1 NOTE
r-oldrel-windows-ix86+x86_64 0.16.1 15.00 265.00 280.00 OK
r-oldrel-osx-x86_64 0.16.1 NOTE

Check Details

Version: 0.16.1
Check: data for non-ASCII characters
Result: NOTE
     Note: found 3 marked UTF-8 strings
Flavors: r-devel-linux-x86_64-fedora-clang, r-devel-linux-x86_64-fedora-gcc, r-patched-solaris-x86, r-release-osx-x86_64, r-oldrel-osx-x86_64