CRAN Package Check Results for Package tableschema.r

Last updated on 2019-02-23 15:53:06 CET.

Flavor Version Tinstall Tcheck Ttotal Status Flags
r-devel-linux-x86_64-debian-clang 1.1.0 10.55 57.89 68.44 OK
r-devel-linux-x86_64-debian-gcc 1.1.0 9.65 45.17 54.82 OK
r-devel-linux-x86_64-fedora-clang 1.1.0 88.71 NOTE
r-devel-linux-x86_64-fedora-gcc 1.1.0 84.68 NOTE
r-devel-windows-ix86+x86_64 1.1.0 20.00 183.00 203.00 OK
r-patched-linux-x86_64 1.1.0 9.67 56.02 65.69 OK
r-patched-solaris-x86 1.1.0 109.80 NOTE
r-release-linux-x86_64 1.1.0 8.64 55.47 64.11 OK
r-release-windows-ix86+x86_64 1.1.0 21.00 171.00 192.00 OK
r-release-osx-x86_64 1.1.0 NOTE
r-oldrel-windows-ix86+x86_64 1.1.0 6.00 164.00 170.00 OK
r-oldrel-osx-x86_64 1.1.0 NOTE

Check Details

Version: 1.1.0
Check: dependencies in R code
Result: NOTE
    Namespace in Imports field not imported from: ‘iterators’
     All declared Imports should be used.
Flavors: r-devel-linux-x86_64-fedora-clang, r-devel-linux-x86_64-fedora-gcc, r-patched-solaris-x86, r-release-osx-x86_64, r-oldrel-osx-x86_64