CRAN Package Check Results for Package tableschema.r

Last updated on 2019-08-19 22:47:18 CEST.

Flavor Version Tinstall Tcheck Ttotal Status Flags
r-devel-linux-x86_64-debian-clang 1.1.0 11.30 59.88 71.18 OK
r-devel-linux-x86_64-debian-gcc 1.1.0 10.01 46.32 56.33 OK
r-devel-linux-x86_64-fedora-clang 1.1.0 82.44 NOTE
r-devel-linux-x86_64-fedora-gcc 1.1.0 85.06 NOTE
r-devel-windows-ix86+x86_64 1.1.0 23.00 138.00 161.00 OK
r-patched-linux-x86_64 1.1.0 11.89 59.04 70.93 OK
r-patched-solaris-x86 1.1.0 114.10 NOTE
r-release-linux-x86_64 1.1.0 12.23 60.42 72.65 OK
r-release-windows-ix86+x86_64 1.1.0 17.00 136.00 153.00 OK
r-release-osx-x86_64 1.1.0 NOTE
r-oldrel-windows-ix86+x86_64 1.1.0 20.00 167.00 187.00 OK
r-oldrel-osx-x86_64 1.1.0 NOTE

Check Details

Version: 1.1.0
Check: dependencies in R code
Result: NOTE
    Namespace in Imports field not imported from: ‘iterators’
     All declared Imports should be used.
Flavors: r-devel-linux-x86_64-fedora-clang, r-devel-linux-x86_64-fedora-gcc, r-patched-solaris-x86, r-release-osx-x86_64, r-oldrel-osx-x86_64