CRAN Package Check Results for Package tableone

Last updated on 2018-09-25 05:48:49 CEST.

Flavor Version Tinstall Tcheck Ttotal Status Flags
r-devel-linux-x86_64-debian-clang 0.9.3 5.46 221.32 226.78 OK
r-devel-linux-x86_64-debian-gcc 0.9.3 5.58 168.70 174.28 OK
r-devel-linux-x86_64-fedora-clang 0.9.3 270.03 NOTE
r-devel-linux-x86_64-fedora-gcc 0.9.3 269.90 NOTE
r-devel-windows-ix86+x86_64 0.9.3 16.00 250.00 266.00 OK
r-patched-linux-x86_64 0.9.3 5.90 210.25 216.15 OK
r-patched-solaris-x86 0.9.3 411.40 NOTE
r-release-linux-x86_64 0.9.3 6.30 212.27 218.57 OK
r-release-windows-ix86+x86_64 0.9.3 13.00 307.00 320.00 OK
r-release-osx-x86_64 0.9.3 NOTE
r-oldrel-windows-ix86+x86_64 0.9.3 8.00 331.00 339.00 OK
r-oldrel-osx-x86_64 0.9.3 NOTE

Check Details

Version: 0.9.3
Check: dependencies in R code
Result: NOTE
    Namespace in Imports field not imported from: ‘methods’
     All declared Imports should be used.
Flavors: r-devel-linux-x86_64-fedora-clang, r-devel-linux-x86_64-fedora-gcc, r-patched-solaris-x86, r-release-osx-x86_64, r-oldrel-osx-x86_64