CRAN Package Check Results for Package tableone

Last updated on 2018-12-13 11:47:43 CET.

Flavor Version Tinstall Tcheck Ttotal Status Flags
r-devel-linux-x86_64-debian-clang 0.9.3 6.13 217.08 223.21 OK
r-devel-linux-x86_64-debian-gcc 0.9.3 5.59 158.72 164.31 OK
r-devel-linux-x86_64-fedora-clang 0.9.3 254.41 NOTE
r-devel-linux-x86_64-fedora-gcc 0.9.3 246.28 NOTE
r-devel-windows-ix86+x86_64 0.9.3 13.00 298.00 311.00 OK
r-patched-linux-x86_64 0.9.3 6.29 214.10 220.39 OK
r-patched-solaris-x86 0.9.3 413.20 NOTE
r-release-linux-x86_64 0.9.3 4.80 212.68 217.48 OK
r-release-windows-ix86+x86_64 0.9.3 13.00 297.00 310.00 OK
r-release-osx-x86_64 0.9.3 NOTE
r-oldrel-windows-ix86+x86_64 0.9.3 7.00 329.00 336.00 OK
r-oldrel-osx-x86_64 0.9.3 NOTE

Check Details

Version: 0.9.3
Check: dependencies in R code
Result: NOTE
    Namespace in Imports field not imported from: ‘methods’
     All declared Imports should be used.
Flavors: r-devel-linux-x86_64-fedora-clang, r-devel-linux-x86_64-fedora-gcc, r-patched-solaris-x86, r-release-osx-x86_64, r-oldrel-osx-x86_64