CRAN Package Check Results for Package tableone

Last updated on 2018-07-23 08:48:55 CEST.

Flavor Version Tinstall Tcheck Ttotal Status Flags
r-devel-linux-x86_64-debian-clang 0.9.3 7.11 196.55 203.66 OK
r-devel-linux-x86_64-debian-gcc 0.9.3 4.72 173.79 178.51 OK
r-devel-linux-x86_64-fedora-clang 0.9.3 277.75 NOTE
r-devel-linux-x86_64-fedora-gcc 0.9.3 278.56 NOTE
r-devel-windows-ix86+x86_64 0.9.3 17.00 254.00 271.00 OK
r-patched-linux-x86_64 0.9.3 OK
r-patched-solaris-x86 0.9.3 406.70 NOTE
r-release-linux-x86_64 0.9.3 6.51 213.98 220.49 OK
r-release-windows-ix86+x86_64 0.9.3 11.00 243.00 254.00 OK
r-release-osx-x86_64 0.9.3 NOTE
r-oldrel-windows-ix86+x86_64 0.9.3 8.00 331.00 339.00 OK
r-oldrel-osx-x86_64 0.9.3 NOTE

Check Details

Version: 0.9.3
Check: dependencies in R code
Result: NOTE
    Namespace in Imports field not imported from: ‘methods’
     All declared Imports should be used.
Flavors: r-devel-linux-x86_64-fedora-clang, r-devel-linux-x86_64-fedora-gcc, r-patched-solaris-x86, r-release-osx-x86_64, r-oldrel-osx-x86_64