CRAN Package Check Results for Package tableone

Last updated on 2019-03-20 14:48:41 CET.

Flavor Version Tinstall Tcheck Ttotal Status Flags
r-devel-linux-x86_64-debian-clang 0.10.0 7.73 202.18 209.91 OK
r-devel-linux-x86_64-debian-gcc 0.10.0 7.66 148.83 156.49 OK
r-devel-linux-x86_64-fedora-clang 0.10.0 247.50 NOTE
r-devel-linux-x86_64-fedora-gcc 0.10.0 236.91 NOTE
r-devel-windows-ix86+x86_64 0.10.0 21.00 282.00 303.00 OK
r-patched-linux-x86_64 0.10.0 6.37 203.21 209.58 OK
r-patched-solaris-x86 0.10.0 366.40 NOTE
r-release-linux-x86_64 0.10.0 6.23 199.51 205.74 OK
r-release-windows-ix86+x86_64 0.10.0 10.00 285.00 295.00 OK
r-release-osx-x86_64 0.10.0 NOTE
r-oldrel-windows-ix86+x86_64 0.10.0 12.00 308.00 320.00 OK
r-oldrel-osx-x86_64 0.10.0 NOTE

Check Details

Version: 0.10.0
Check: dependencies in R code
Result: NOTE
    Namespace in Imports field not imported from: ‘methods’
     All declared Imports should be used.
Flavors: r-devel-linux-x86_64-fedora-clang, r-devel-linux-x86_64-fedora-gcc, r-patched-solaris-x86, r-release-osx-x86_64, r-oldrel-osx-x86_64