CRAN Package Check Results for Package tableHTML

Last updated on 2021-06-16 23:49:39 CEST.

Flavor Version Tinstall Tcheck Ttotal Status Flags
r-devel-linux-x86_64-debian-clang 2.1.0 6.47 59.84 66.31 NOTE
r-devel-linux-x86_64-debian-gcc 2.1.0 4.78 46.86 51.64 NOTE
r-devel-linux-x86_64-fedora-clang 2.1.0 90.22 NOTE
r-devel-linux-x86_64-fedora-gcc 2.1.0 80.89 NOTE
r-devel-windows-x86_64 2.1.0 10.00 72.00 82.00 NOTE
r-devel-windows-x86_64-gcc10-UCRT 2.1.0 NOTE
r-patched-linux-x86_64 2.1.0 5.14 59.54 64.68 NOTE
r-patched-solaris-x86 2.1.0 101.90 NOTE
r-release-linux-x86_64 2.1.0 5.01 58.37 63.38 NOTE
r-release-macos-arm64 2.1.0 NOTE
r-release-macos-x86_64 2.1.0 NOTE
r-release-windows-ix86+x86_64 2.1.0 12.00 92.00 104.00 NOTE
r-oldrel-macos-x86_64 2.1.0 NOTE
r-oldrel-windows-ix86+x86_64 2.1.0 10.00 95.00 105.00 NOTE

Check Details

Version: 2.1.0
Check: LazyData
Result: NOTE
     'LazyData' is specified without a 'data' directory
Flavors: r-devel-linux-x86_64-debian-clang, r-devel-linux-x86_64-debian-gcc, r-devel-linux-x86_64-fedora-clang, r-devel-linux-x86_64-fedora-gcc, r-devel-windows-x86_64, r-devel-windows-x86_64-gcc10-UCRT, r-patched-linux-x86_64, r-patched-solaris-x86, r-release-linux-x86_64, r-release-macos-arm64, r-release-macos-x86_64, r-release-windows-ix86+x86_64

Version: 2.1.0
Check: installed package size
Result: NOTE
     installed size is 6.2Mb
     sub-directories of 1Mb or more:
     doc 5.9Mb
Flavors: r-devel-linux-x86_64-fedora-clang, r-devel-windows-x86_64, r-patched-solaris-x86, r-release-macos-arm64, r-release-macos-x86_64, r-release-windows-ix86+x86_64, r-oldrel-macos-x86_64, r-oldrel-windows-ix86+x86_64

Version: 2.1.0
Check: dependencies in R code
Result: NOTE
    Namespace in Imports field not imported from: ‘shiny’
     All declared Imports should be used.
Flavors: r-devel-linux-x86_64-fedora-clang, r-devel-linux-x86_64-fedora-gcc, r-devel-windows-x86_64-gcc10-UCRT, r-patched-solaris-x86, r-release-macos-arm64, r-release-macos-x86_64, r-oldrel-macos-x86_64