CRAN Package Check Results for Package tabit

Last updated on 2023-06-09 16:57:09 CEST.

Flavor Version Tinstall Tcheck Ttotal Status Flags
r-devel-linux-x86_64-debian-clang 0.2.1 1.33 23.27 24.60 NOTE
r-devel-linux-x86_64-debian-gcc 0.2.1 1.68 18.09 19.77 NOTE
r-devel-linux-x86_64-fedora-clang 0.2.1 32.39 NOTE
r-devel-linux-x86_64-fedora-gcc 0.2.1 30.35 NOTE
r-devel-windows-x86_64 0.2.1 2.00 42.00 44.00 NOTE
r-patched-linux-x86_64 0.2.1 2.07 22.80 24.87 NOTE
r-release-linux-x86_64 0.2.1 1.96 22.78 24.74 NOTE
r-release-macos-arm64 0.2.1 16.00 NOTE
r-release-macos-x86_64 0.2.1 18.00 NOTE
r-release-windows-x86_64 0.2.1 4.00 41.00 45.00 NOTE
r-oldrel-macos-arm64 0.2.1 16.00 NOTE
r-oldrel-macos-x86_64 0.2.1 20.00 NOTE
r-oldrel-windows-x86_64 0.2.1 3.00 43.00 46.00 NOTE

Check Details

Version: 0.2.1
Check: LazyData
Result: NOTE
     'LazyData' is specified without a 'data' directory
Flavors: r-devel-linux-x86_64-debian-clang, r-devel-linux-x86_64-debian-gcc, r-devel-linux-x86_64-fedora-clang, r-devel-linux-x86_64-fedora-gcc, r-devel-windows-x86_64, r-patched-linux-x86_64, r-release-linux-x86_64, r-release-macos-arm64, r-release-macos-x86_64, r-release-windows-x86_64, r-oldrel-macos-arm64, r-oldrel-macos-x86_64, r-oldrel-windows-x86_64