CRAN Package Check Results for Package tabit

Last updated on 2024-06-22 03:49:43 CEST.

Flavor Version Tinstall Tcheck Ttotal Status Flags
r-devel-linux-x86_64-debian-clang 0.2.1 1.83 24.09 25.92 NOTE
r-devel-linux-x86_64-debian-gcc 0.2.1 1.67 18.52 20.19 NOTE
r-devel-linux-x86_64-fedora-clang 0.2.1 32.64 NOTE
r-devel-linux-x86_64-fedora-gcc 0.2.1 31.02 NOTE
r-devel-windows-x86_64 0.2.1 2.00 40.00 42.00 NOTE
r-patched-linux-x86_64 0.2.1 1.94 23.10 25.04 NOTE
r-release-linux-x86_64 0.2.1 1.94 23.35 25.29 NOTE
r-release-macos-arm64 0.2.1 15.00 NOTE
r-release-macos-x86_64 0.2.1 21.00 NOTE
r-release-windows-x86_64 0.2.1 2.00 40.00 42.00 NOTE
r-oldrel-macos-arm64 0.2.1 16.00 NOTE
r-oldrel-macos-x86_64 0.2.1 18.00 NOTE
r-oldrel-windows-x86_64 0.2.1 4.00 42.00 46.00 NOTE

Check Details

Version: 0.2.1
Check: LazyData
Result: NOTE 'LazyData' is specified without a 'data' directory Flavors: r-devel-linux-x86_64-debian-clang, r-devel-linux-x86_64-debian-gcc, r-devel-linux-x86_64-fedora-clang, r-devel-linux-x86_64-fedora-gcc, r-devel-windows-x86_64, r-patched-linux-x86_64, r-release-linux-x86_64, r-release-macos-arm64, r-release-macos-x86_64, r-release-windows-x86_64, r-oldrel-macos-arm64, r-oldrel-macos-x86_64, r-oldrel-windows-x86_64