CRAN Package Check Results for Package taber

Last updated on 2020-07-15 00:47:13 CEST.

Flavor Version Tinstall Tcheck Ttotal Status Flags
r-devel-linux-x86_64-debian-clang 0.1.0 3.31 30.09 33.40 OK
r-devel-linux-x86_64-debian-gcc 0.1.0 2.81 23.72 26.53 OK
r-devel-linux-x86_64-fedora-clang 0.1.0 49.63 OK
r-devel-linux-x86_64-fedora-gcc 0.1.0 43.03 OK
r-devel-windows-ix86+x86_64 0.1.0 22.00 43.00 65.00 OK
r-patched-linux-x86_64 0.1.0 3.24 29.52 32.76 OK
r-patched-solaris-x86 0.1.0 60.20 OK
r-release-linux-x86_64 0.1.0 3.00 29.72 32.72 OK
r-release-macos-x86_64 0.1.0 ERROR
r-release-windows-ix86+x86_64 0.1.0 14.00 39.00 53.00 OK
r-oldrel-macos-x86_64 0.1.0 OK
r-oldrel-windows-ix86+x86_64 0.1.0 9.00 59.00 68.00 OK

Check Details

Version: 0.1.0
Check: whether package can be installed
Result: ERROR
    Installation failed.
Flavor: r-release-macos-x86_64