Last updated on 2022-05-22 17:50:54 CEST.
Flavor | Version | Tinstall | Tcheck | Ttotal | Status | Flags |
---|---|---|---|---|---|---|
r-devel-linux-x86_64-debian-clang | 1.0.4 | 9.70 | 93.13 | 102.83 | NOTE | |
r-devel-linux-x86_64-debian-gcc | 1.0.4 | 6.94 | 67.33 | 74.27 | NOTE | |
r-devel-linux-x86_64-fedora-clang | 1.0.4 | 122.44 | NOTE | |||
r-devel-linux-x86_64-fedora-gcc | 1.0.4 | 116.31 | NOTE | |||
r-devel-windows-x86_64 | 1.0.4 | 30.00 | 118.00 | 148.00 | OK | |
r-patched-linux-x86_64 | 1.0.4 | 9.54 | 85.26 | 94.80 | NOTE | |
r-release-linux-x86_64 | 1.0.4 | 9.07 | 85.89 | 94.96 | NOTE | |
r-release-macos-arm64 | 1.0.4 | 36.00 | OK | |||
r-release-macos-x86_64 | 1.0.4 | 66.00 | OK | |||
r-release-windows-x86_64 | 1.0.4 | 33.00 | 118.00 | 151.00 | OK | |
r-oldrel-macos-arm64 | 1.0.4 | 43.00 | OK | |||
r-oldrel-macos-x86_64 | 1.0.4 | 69.00 | OK | |||
r-oldrel-windows-ix86+x86_64 | 1.0.4 | 21.00 | 103.00 | 124.00 | OK |
Version: 1.0.4
Check: for non-standard things in the check directory
Result: NOTE
Found the following files/directories:
'test.csv'
Flavors: r-devel-linux-x86_64-debian-clang, r-devel-linux-x86_64-debian-gcc, r-devel-linux-x86_64-fedora-clang, r-devel-linux-x86_64-fedora-gcc, r-patched-linux-x86_64, r-release-linux-x86_64