Last updated on 2022-05-23 21:53:25 CEST.
Flavor | Version | Tinstall | Tcheck | Ttotal | Status | Flags |
---|---|---|---|---|---|---|
r-devel-linux-x86_64-debian-clang | 0.8.8 | 4.77 | 33.91 | 38.68 | OK | |
r-devel-linux-x86_64-debian-gcc | 0.8.8 | 3.08 | 25.72 | 28.80 | OK | |
r-devel-linux-x86_64-fedora-clang | 0.8.8 | 47.51 | OK | |||
r-devel-linux-x86_64-fedora-gcc | 0.8.8 | 36.47 | OK | |||
r-devel-windows-x86_64 | 0.8.8 | 71.00 | 96.00 | 167.00 | NOTE | |
r-patched-linux-x86_64 | 0.8.8 | 4.41 | 32.79 | 37.20 | OK | |
r-release-linux-x86_64 | 0.8.8 | OK | ||||
r-release-macos-arm64 | 0.8.8 | 20.00 | NOTE | |||
r-release-macos-x86_64 | 0.8.8 | 32.00 | NOTE | |||
r-release-windows-x86_64 | 0.8.8 | 40.00 | 97.00 | 137.00 | NOTE | |
r-oldrel-macos-arm64 | 0.8.8 | 41.00 | NOTE | |||
r-oldrel-macos-x86_64 | 0.8.8 | 44.00 | NOTE | |||
r-oldrel-windows-ix86+x86_64 | 0.8.8 | 13.00 | 55.00 | 68.00 | OK |
Version: 0.8.8
Check: installed package size
Result: NOTE
installed size is 5.1Mb
sub-directories of 1Mb or more:
fonts 1.7Mb
libs 3.3Mb
Flavors: r-devel-windows-x86_64, r-release-macos-arm64, r-release-macos-x86_64, r-release-windows-x86_64, r-oldrel-macos-arm64, r-oldrel-macos-x86_64