CRAN Package Check Results for Package sys

Last updated on 2024-03-02 00:53:40 CET.

Flavor Version Tinstall Tcheck Ttotal Status Flags
r-devel-linux-x86_64-debian-clang 3.4.2 2.99 26.35 29.34 OK
r-devel-linux-x86_64-debian-gcc 3.4.2 2.31 20.68 22.99 OK
r-devel-linux-x86_64-fedora-clang 3.4.2 36.30 OK
r-devel-linux-x86_64-fedora-gcc 3.4.2 37.34 OK
r-devel-windows-x86_64 3.4.2 8.00 53.00 61.00 NOTE
r-patched-linux-x86_64 3.4.2 3.04 26.16 29.20 OK
r-release-linux-x86_64 3.4.2 2.88 26.06 28.94 OK
r-release-macos-arm64 3.4.2 36.00 OK
r-release-macos-x86_64 3.4.2 53.00 OK
r-release-windows-x86_64 3.4.2 8.00 55.00 63.00 NOTE
r-oldrel-macos-arm64 3.4.2 43.00 OK
r-oldrel-windows-x86_64 3.4.2 8.00 58.00 66.00 NOTE

Check Details

Version: 3.4.2
Check: package dependencies
Result: NOTE Package suggested but not available for checking: 'unix' Flavors: r-devel-windows-x86_64, r-release-windows-x86_64, r-oldrel-windows-x86_64