CRAN Package Check Results for Package sys

Last updated on 2020-04-10 11:48:29 CEST.

Flavor Version Tinstall Tcheck Ttotal Status Flags
r-devel-linux-x86_64-debian-clang 3.3 2.73 22.85 25.58 OK
r-devel-linux-x86_64-debian-gcc 3.3 2.06 18.32 20.38 OK
r-devel-linux-x86_64-fedora-clang 3.3 32.52 OK
r-devel-linux-x86_64-fedora-gcc 3.3 31.47 OK
r-devel-windows-ix86+x86_64 3.3 20.00 90.00 110.00 ERROR
r-devel-windows-ix86+x86_64-gcc8 3.3 11.00 70.00 81.00 NOTE
r-patched-linux-x86_64 3.3 2.45 22.57 25.02 OK
r-patched-osx-x86_64 3.3 OK
r-patched-solaris-x86 3.3 52.30 OK
r-release-linux-x86_64 3.3 2.12 20.90 23.02 OK
r-release-windows-ix86+x86_64 3.3 10.00 83.00 93.00 NOTE
r-release-osx-x86_64 3.3 OK
r-oldrel-windows-ix86+x86_64 3.3 16.00 60.00 76.00 NOTE
r-oldrel-osx-x86_64 3.3 OK

Check Details

Version: 3.3
Check: package dependencies
Result: NOTE
    Package suggested but not available for checking: 'unix'
Flavors: r-devel-windows-ix86+x86_64, r-devel-windows-ix86+x86_64-gcc8, r-release-windows-ix86+x86_64, r-oldrel-windows-ix86+x86_64

Version: 3.3
Check: running tests for arch ‘x64’
Result: ERROR
     Running 'spelling.R' [1s]
     Running 'testthat.R' [12s]
    Running the tests in 'tests/testthat.R' failed.
    Complete output:
     > library(testthat)
     > library(sys)
     >
     > test_check("sys")
     -- 1. Failure: exec timeout works (@test-timeout.R#21) ------------------------
     times[["elapsed"]] is not more than 0.5. Difference: -0.02
    
     == testthat results ===========================================================
     [ OK: 48 | SKIPPED: 0 | WARNINGS: 0 | FAILED: 1 ]
     1. Failure: exec timeout works (@test-timeout.R#21)
    
     Error: testthat unit tests failed
     Execution halted
Flavor: r-devel-windows-ix86+x86_64