CRAN Package Check Results for Package syntaxr

Last updated on 2022-08-17 23:13:09 CEST.

Flavor Version Tinstall Tcheck Ttotal Status Flags
r-devel-linux-x86_64-debian-clang 0.8.0 1.70 22.58 24.28 NOTE
r-devel-linux-x86_64-debian-gcc 0.8.0 NOTE
r-devel-linux-x86_64-fedora-clang 0.8.0 41.86 NOTE
r-devel-linux-x86_64-fedora-gcc 0.8.0 40.54 NOTE
r-devel-windows-x86_64 0.8.0 20.00 48.00 68.00 NOTE
r-patched-linux-x86_64 0.8.0 2.10 21.74 23.84 NOTE
r-release-linux-x86_64 0.8.0 1.92 22.46 24.38 NOTE
r-release-macos-arm64 0.8.0 17.00 NOTE
r-release-macos-x86_64 0.8.0 21.00 NOTE
r-release-windows-x86_64 0.8.0 12.00 50.00 62.00 NOTE
r-oldrel-macos-arm64 0.8.0 17.00 NOTE
r-oldrel-macos-x86_64 0.8.0 26.00 NOTE
r-oldrel-windows-ix86+x86_64 0.8.0 5.00 46.00 51.00 NOTE

Check Details

Version: 0.8.0
Check: LazyData
Result: NOTE
     'LazyData' is specified without a 'data' directory
Flavors: r-devel-linux-x86_64-debian-clang, r-devel-linux-x86_64-debian-gcc, r-devel-linux-x86_64-fedora-clang, r-devel-linux-x86_64-fedora-gcc, r-devel-windows-x86_64, r-patched-linux-x86_64, r-release-linux-x86_64, r-release-macos-arm64, r-release-macos-x86_64, r-release-windows-x86_64, r-oldrel-macos-arm64, r-oldrel-macos-x86_64, r-oldrel-windows-ix86+x86_64