Last updated on 2022-08-19 12:54:51 CEST.
Flavor | Version | Tinstall | Tcheck | Ttotal | Status | Flags |
---|---|---|---|---|---|---|
r-devel-linux-x86_64-debian-clang | 0.2.1 | 420.20 | 136.50 | 556.70 | OK | |
r-devel-linux-x86_64-debian-gcc | 0.2.1 | 461.29 | 97.58 | 558.87 | OK | |
r-devel-linux-x86_64-fedora-clang | 0.2.1 | 876.98 | NOTE | |||
r-devel-linux-x86_64-fedora-gcc | 0.2.1 | 965.87 | NOTE | |||
r-devel-windows-x86_64 | 0.2.1 | 1075.00 | 227.00 | 1302.00 | NOTE | |
r-patched-linux-x86_64 | 0.2.1 | 469.63 | 121.56 | 591.19 | OK | |
r-release-linux-x86_64 | 0.2.1 | OK | ||||
r-release-macos-arm64 | 0.2.1 | 240.00 | NOTE | |||
r-release-macos-x86_64 | 0.2.1 | 344.00 | NOTE | |||
r-release-windows-x86_64 | 0.2.1 | 1918.00 | 247.00 | 2165.00 | NOTE | |
r-oldrel-macos-arm64 | 0.1.6 | 323.00 | NOTE | |||
r-oldrel-macos-x86_64 | 0.1.6 | 290.00 | NOTE | |||
r-oldrel-windows-ix86+x86_64 | 0.1.6 | 66.00 | 173.00 | 239.00 | NOTE |
Version: 0.2.1
Check: installed package size
Result: NOTE
installed size is 6.5Mb
sub-directories of 1Mb or more:
libs 5.7Mb
Flavors: r-devel-linux-x86_64-fedora-clang, r-devel-windows-x86_64, r-release-macos-arm64, r-release-macos-x86_64, r-release-windows-x86_64
Version: 0.2.1
Check: for GNU extensions in Makefiles
Result: NOTE
GNU make is a SystemRequirements.
Flavors: r-devel-linux-x86_64-fedora-clang, r-devel-linux-x86_64-fedora-gcc, r-release-macos-arm64, r-release-macos-x86_64
Version: 0.1.6
Check: installed package size
Result: NOTE
installed size is 50.3Mb
sub-directories of 1Mb or more:
libs 49.4Mb
Flavors: r-oldrel-macos-arm64, r-oldrel-macos-x86_64, r-oldrel-windows-ix86+x86_64
Version: 0.1.6
Check: for GNU extensions in Makefiles
Result: NOTE
GNU make is a SystemRequirements.
Flavors: r-oldrel-macos-arm64, r-oldrel-macos-x86_64