CRAN Package Check Results for Package sylly

Last updated on 2019-06-24 11:56:45 CEST.

Flavor Version Tinstall Tcheck Ttotal Status Flags
r-devel-linux-x86_64-debian-clang 0.1-5 3.20 30.90 34.10 NOTE
r-devel-linux-x86_64-debian-gcc 0.1-5 3.17 25.27 28.44 NOTE
r-devel-linux-x86_64-fedora-clang 0.1-5 42.77 NOTE
r-devel-linux-x86_64-fedora-gcc 0.1-5 40.72 NOTE
r-devel-windows-ix86+x86_64 0.1-5 11.00 46.00 57.00 NOTE
r-patched-linux-x86_64 0.1-5 3.81 31.06 34.87 NOTE
r-patched-solaris-x86 0.1-5 65.70 NOTE
r-release-linux-x86_64 0.1-5 3.34 31.24 34.58 NOTE
r-release-windows-ix86+x86_64 0.1-5 7.00 48.00 55.00 NOTE
r-release-osx-x86_64 0.1-5 NOTE
r-oldrel-windows-ix86+x86_64 0.1-5 5.00 37.00 42.00 NOTE
r-oldrel-osx-x86_64 0.1-5 NOTE

Check Details

Version: 0.1-5
Check: package dependencies
Result: NOTE
    Packages suggested but not available for checking: 'sylly.de', 'sylly.es'
Flavors: r-devel-linux-x86_64-debian-clang, r-devel-linux-x86_64-debian-gcc, r-devel-linux-x86_64-fedora-clang, r-devel-linux-x86_64-fedora-gcc, r-devel-windows-ix86+x86_64, r-patched-linux-x86_64, r-patched-solaris-x86, r-release-linux-x86_64, r-release-windows-ix86+x86_64, r-release-osx-x86_64

Version: 0.1-5
Check: package dependencies
Result: NOTE
    Packages suggested but not available for checking: 'sylly.de' 'sylly.es'
Flavors: r-oldrel-windows-ix86+x86_64, r-oldrel-osx-x86_64