CRAN Package Check Results for Package sylly

Last updated on 2019-04-21 20:48:38 CEST.

Flavor Version Tinstall Tcheck Ttotal Status Flags
r-devel-linux-x86_64-debian-clang 0.1-5 3.43 31.34 34.77 NOTE
r-devel-linux-x86_64-debian-gcc 0.1-5 2.73 25.42 28.15 NOTE
r-devel-linux-x86_64-fedora-clang 0.1-5 42.34 NOTE
r-devel-linux-x86_64-fedora-gcc 0.1-5 40.20 NOTE
r-devel-windows-ix86+x86_64 0.1-5 10.00 46.00 56.00 NOTE
r-patched-linux-x86_64 0.1-5 3.55 31.45 35.00 NOTE
r-patched-solaris-x86 0.1-5 62.40 NOTE
r-release-linux-x86_64 0.1-5 2.22 30.00 32.22 NOTE
r-release-windows-ix86+x86_64 0.1-5 6.00 63.00 69.00 NOTE
r-release-osx-x86_64 0.1-5 NOTE
r-oldrel-windows-ix86+x86_64 0.1-5 3.00 59.00 62.00 NOTE
r-oldrel-osx-x86_64 0.1-5 NOTE

Check Details

Version: 0.1-5
Check: package dependencies
Result: NOTE
    Packages suggested but not available for checking: 'sylly.de', 'sylly.es'
Flavors: r-devel-linux-x86_64-debian-clang, r-devel-linux-x86_64-debian-gcc, r-devel-linux-x86_64-fedora-clang, r-devel-linux-x86_64-fedora-gcc, r-devel-windows-ix86+x86_64, r-patched-linux-x86_64, r-patched-solaris-x86

Version: 0.1-5
Check: package dependencies
Result: NOTE
    Packages suggested but not available for checking: ‘sylly.de’ ‘sylly.es’
Flavors: r-release-linux-x86_64, r-release-windows-ix86+x86_64, r-release-osx-x86_64, r-oldrel-windows-ix86+x86_64, r-oldrel-osx-x86_64