CRAN Package Check Results for Package swissdd

Last updated on 2020-07-08 12:49:21 CEST.

Flavor Version Tinstall Tcheck Ttotal Status Flags
r-devel-linux-x86_64-debian-clang 1.0.3 4.67 44.69 49.36 OK
r-devel-linux-x86_64-debian-gcc 1.0.3 4.07 34.93 39.00 OK
r-devel-linux-x86_64-fedora-clang 1.0.3 66.36 NOTE
r-devel-linux-x86_64-fedora-gcc 1.0.3 55.44 NOTE
r-devel-windows-ix86+x86_64 1.0.3 12.00 87.00 99.00 OK
r-patched-linux-x86_64 1.0.3 4.15 44.29 48.44 OK
r-patched-solaris-x86 1.0.3 80.70 NOTE
r-release-linux-x86_64 1.0.3 4.97 43.95 48.92 OK
r-release-osx-x86_64 1.0.3 NOTE
r-release-windows-ix86+x86_64 1.0.3 13.00 96.00 109.00 OK
r-oldrel-osx-x86_64 1.0.3 NOTE
r-oldrel-windows-ix86+x86_64 1.0.3 22.00 129.00 151.00 OK

Check Details

Version: 1.0.3
Check: dependencies in R code
Result: NOTE
    Namespaces in Imports field not imported from:
     ‘curl’ ‘magrittr’
     All declared Imports should be used.
Flavors: r-devel-linux-x86_64-fedora-clang, r-devel-linux-x86_64-fedora-gcc, r-patched-solaris-x86, r-release-osx-x86_64, r-oldrel-osx-x86_64