CRAN Package Check Results for Package swfscMisc

Last updated on 2020-06-01 07:48:20 CEST.

Flavor Version Tinstall Tcheck Ttotal Status Flags
r-devel-linux-x86_64-debian-clang 1.3 9.84 81.46 91.30 OK
r-devel-linux-x86_64-debian-gcc 1.3 8.53 63.65 72.18 OK
r-devel-linux-x86_64-fedora-clang 1.3 132.18 NOTE
r-devel-linux-x86_64-fedora-gcc 1.3 112.47 NOTE
r-devel-windows-ix86+x86_64 1.3 30.00 111.00 141.00 OK
r-patched-linux-x86_64 1.3 9.55 82.44 91.99 OK
r-patched-solaris-x86 1.3 170.20 NOTE
r-release-linux-x86_64 1.3 9.48 81.68 91.16 OK
r-release-osx-x86_64 1.3 NOTE
r-release-windows-ix86+x86_64 1.3 21.00 135.00 156.00 OK
r-oldrel-osx-x86_64 1.3 NOTE
r-oldrel-windows-ix86+x86_64 1.3 18.00 98.00 116.00 OK

Check Details

Version: 1.3
Check: dependencies in R code
Result: NOTE
    Namespace in Imports field not imported from: ‘reshape2’
     All declared Imports should be used.
Flavors: r-devel-linux-x86_64-fedora-clang, r-devel-linux-x86_64-fedora-gcc, r-patched-solaris-x86, r-release-osx-x86_64, r-oldrel-osx-x86_64