CRAN Package Check Results for Package swfscDAS

Last updated on 2020-10-31 18:47:36 CET.

Flavor Version Tinstall Tcheck Ttotal Status Flags
r-devel-linux-x86_64-debian-clang 0.4.0 16.47 163.57 180.04 OK
r-devel-linux-x86_64-debian-gcc 0.4.0 12.90 121.88 134.78 OK
r-devel-linux-x86_64-fedora-clang 0.4.0 224.46 NOTE
r-devel-linux-x86_64-fedora-gcc 0.4.0 213.03 NOTE
r-devel-windows-ix86+x86_64 0.4.0 34.00 164.00 198.00 OK
r-patched-linux-x86_64 0.4.0 15.13 148.26 163.39 OK
r-patched-solaris-x86 0.4.0 295.40 NOTE
r-release-linux-x86_64 0.4.0 15.37 150.58 165.95 OK
r-release-macos-x86_64 0.4.0 NOTE
r-release-windows-ix86+x86_64 0.4.0 24.00 192.00 216.00 OK
r-oldrel-macos-x86_64 0.4.0 NOTE
r-oldrel-windows-ix86+x86_64 0.4.0 29.00 131.00 160.00 OK

Check Details

Version: 0.4.0
Check: dependencies in R code
Result: NOTE
    Namespace in Imports field not imported from: ‘methods’
     All declared Imports should be used.
Flavors: r-devel-linux-x86_64-fedora-clang, r-devel-linux-x86_64-fedora-gcc, r-patched-solaris-x86, r-release-macos-x86_64, r-oldrel-macos-x86_64