CRAN Package Check Results for Package swephR

Last updated on 2019-05-23 00:23:06 CEST.

Flavor Version Tinstall Tcheck Ttotal Status Flags
r-devel-linux-x86_64-debian-clang 0.1.5 33.85 30.64 64.49 NOTE
r-devel-linux-x86_64-debian-gcc 0.1.5 27.60 25.06 52.66 NOTE
r-devel-linux-x86_64-fedora-clang 0.1.5 91.42 NOTE
r-devel-linux-x86_64-fedora-gcc 0.1.5 83.55 NOTE
r-devel-windows-ix86+x86_64 0.1.5 97.00 91.00 188.00 NOTE
r-patched-linux-x86_64 0.1.5 32.10 30.55 62.65 NOTE
r-patched-solaris-x86 0.1.5 96.80 NOTE
r-release-linux-x86_64 0.1.5 32.58 30.73 63.31 NOTE
r-release-windows-ix86+x86_64 0.1.5 130.00 83.00 213.00 NOTE
r-release-osx-x86_64 0.1.5 NOTE
r-oldrel-windows-ix86+x86_64 0.1.5 94.00 59.00 153.00 NOTE
r-oldrel-osx-x86_64 0.1.5 NOTE

Check Details

Version: 0.1.5
Check: package dependencies
Result: NOTE
    Package suggested but not available for checking: 'swephRdata'
Flavors: r-devel-linux-x86_64-debian-clang, r-devel-linux-x86_64-debian-gcc, r-devel-linux-x86_64-fedora-clang, r-devel-linux-x86_64-fedora-gcc, r-devel-windows-ix86+x86_64, r-patched-linux-x86_64, r-patched-solaris-x86, r-release-linux-x86_64, r-release-windows-ix86+x86_64, r-release-osx-x86_64, r-oldrel-windows-ix86+x86_64, r-oldrel-osx-x86_64