Last updated on 2023-11-29 12:57:05 CET.
Flavor | Version | Tinstall | Tcheck | Ttotal | Status | Flags |
---|---|---|---|---|---|---|
r-devel-linux-x86_64-debian-clang | 0.2.5 | 17.79 | 266.42 | 284.21 | OK | |
r-devel-linux-x86_64-debian-gcc | 0.2.5 | 13.53 | 194.30 | 207.83 | OK | |
r-devel-linux-x86_64-fedora-clang | 0.2.5 | 345.39 | NOTE | |||
r-devel-linux-x86_64-fedora-gcc | 0.2.5 | 348.90 | NOTE | |||
r-devel-windows-x86_64 | 0.2.5 | 16.00 | 206.00 | 222.00 | OK | |
r-patched-linux-x86_64 | 0.2.5 | 23.81 | 254.74 | 278.55 | OK | |
r-release-linux-x86_64 | 0.2.5 | 14.04 | 253.65 | 267.69 | OK | |
r-release-macos-arm64 | 0.2.5 | 93.00 | OK | |||
r-release-macos-x86_64 | 0.2.5 | 250.00 | OK | |||
r-release-windows-x86_64 | 0.2.5 | 21.00 | 270.00 | 291.00 | OK | |
r-oldrel-macos-arm64 | 0.2.5 | 98.00 | OK | |||
r-oldrel-macos-x86_64 | 0.2.5 | 130.00 | OK | |||
r-oldrel-windows-x86_64 | 0.2.5 | 23.00 | 254.00 | 277.00 | OK |
Version: 0.2.5
Check: dependencies in R code
Result: NOTE
Namespaces in Imports field not imported from:
‘lubridate’ ‘tidyquant’ ‘tidyr’ ‘tidyverse’
All declared Imports should be used.
Flavors: r-devel-linux-x86_64-fedora-clang, r-devel-linux-x86_64-fedora-gcc