CRAN Package Check Results for Package svrpath

Last updated on 2024-03-01 21:49:44 CET.

Flavor Version Tinstall Tcheck Ttotal Status Flags
r-devel-linux-x86_64-debian-clang 0.1.2 5.35 50.72 56.07 NOTE
r-devel-linux-x86_64-debian-gcc 0.1.2 4.75 38.46 43.21 NOTE
r-devel-linux-x86_64-fedora-clang 0.1.2 70.77 NOTE
r-devel-linux-x86_64-fedora-gcc 0.1.2 67.50 NOTE
r-devel-windows-x86_64 0.1.2 6.00 56.00 62.00 NOTE
r-patched-linux-x86_64 0.1.2 5.15 50.07 55.22 NOTE
r-release-linux-x86_64 0.1.2 5.04 50.28 55.32 NOTE
r-release-macos-arm64 0.1.2 27.00 NOTE
r-release-macos-x86_64 0.1.2 38.00 NOTE
r-release-windows-x86_64 0.1.2 8.00 62.00 70.00 NOTE
r-oldrel-macos-arm64 0.1.2 22.00 NOTE
r-oldrel-windows-x86_64 0.1.2 18.00 74.00 92.00 NOTE

Additional issues

donttest

Check Details

Version: 0.1.2
Check: LazyData
Result: NOTE 'LazyData' is specified without a 'data' directory Flavors: r-devel-linux-x86_64-debian-clang, r-devel-linux-x86_64-debian-gcc, r-devel-linux-x86_64-fedora-clang, r-devel-linux-x86_64-fedora-gcc, r-devel-windows-x86_64, r-patched-linux-x86_64, r-release-linux-x86_64, r-release-macos-arm64, r-release-macos-x86_64, r-release-windows-x86_64, r-oldrel-macos-arm64, r-oldrel-windows-x86_64