CRAN Package Check Results for Package svines

Last updated on 2025-01-24 23:48:37 CET.

Flavor Version Tinstall Tcheck Ttotal Status Flags
r-devel-linux-x86_64-debian-clang 0.2.4 116.23 53.72 169.95 OK
r-devel-linux-x86_64-debian-gcc 0.2.4 99.45 47.41 146.86 OK
r-devel-linux-x86_64-fedora-clang 0.2.4 293.46 OK
r-devel-linux-x86_64-fedora-gcc 0.2.4 385.08 OK
r-devel-windows-x86_64 0.2.4 115.00 120.00 235.00 OK
r-patched-linux-x86_64 0.2.4 125.86 61.78 187.64 OK
r-release-linux-x86_64 0.2.4 132.82 61.65 194.47 OK
r-release-macos-arm64 0.2.4 85.00 NOTE
r-release-macos-x86_64 0.2.4 161.00 NOTE
r-release-windows-x86_64 0.2.4 112.00 118.00 230.00 NOTE
r-oldrel-macos-arm64 0.2.4 88.00 NOTE
r-oldrel-macos-x86_64 0.2.4 200.00 NOTE
r-oldrel-windows-x86_64 0.2.4 133.00 147.00 280.00 NOTE

Check Details

Version: 0.2.4
Check: installed package size
Result: NOTE installed size is 45.9Mb sub-directories of 1Mb or more: libs 45.4Mb Flavors: r-release-macos-arm64, r-release-macos-x86_64, r-release-windows-x86_64, r-oldrel-macos-arm64, r-oldrel-macos-x86_64, r-oldrel-windows-x86_64