CRAN Package Check Results for Package susographql

Last updated on 2024-05-30 04:58:36 CEST.

Flavor Version Tinstall Tcheck Ttotal Status Flags
r-devel-linux-x86_64-debian-clang 0.1.6 3.66 31.74 35.40 OK
r-devel-linux-x86_64-debian-gcc 0.1.6 2.64 24.32 26.96 OK
r-devel-linux-x86_64-fedora-clang 0.1.6 45.42 NOTE
r-devel-linux-x86_64-fedora-gcc 0.1.6 42.60 NOTE
r-devel-windows-x86_64 0.1.6 5.00 50.00 55.00 OK
r-patched-linux-x86_64 0.1.6 4.16 31.13 35.29 OK
r-release-linux-x86_64 0.1.6 2.04 31.05 33.09 OK
r-release-macos-arm64 0.1.6 18.00 OK
r-release-windows-x86_64 0.1.6 4.00 49.00 53.00 OK
r-oldrel-macos-arm64 0.1.6 24.00 OK
r-oldrel-macos-x86_64 0.1.6 37.00 OK
r-oldrel-windows-x86_64 0.1.6 5.00 54.00 59.00 OK

Check Details

Version: 0.1.6
Check: dependencies in R code
Result: NOTE Namespaces in Imports field not imported from: ‘jsonlite’ ‘readr’ ‘stringr’ All declared Imports should be used. Flavors: r-devel-linux-x86_64-fedora-clang, r-devel-linux-x86_64-fedora-gcc