CRAN Package Check Results for Package survminer

Last updated on 2020-08-12 19:50:12 CEST.

Flavor Version Tinstall Tcheck Ttotal Status Flags
r-devel-linux-x86_64-debian-clang 0.4.8 0.83 2.55 3.38 ERROR
r-devel-linux-x86_64-debian-gcc 0.4.8 14.04 149.70 163.74 OK
r-devel-linux-x86_64-fedora-clang 0.4.8 264.38 NOTE
r-devel-linux-x86_64-fedora-gcc 0.4.8 262.04 OK
r-devel-windows-ix86+x86_64 0.4.8 41.00 278.00 319.00 NOTE
r-patched-linux-x86_64 0.4.8 11.74 194.93 206.67 OK
r-patched-solaris-x86 0.4.8 332.20 NOTE
r-release-linux-x86_64 0.4.8 0.66 2.62 3.28 ERROR
r-release-macos-x86_64 0.4.8 NOTE
r-release-windows-ix86+x86_64 0.4.8 45.00 205.00 250.00 NOTE
r-oldrel-macos-x86_64 0.4.8 NOTE
r-oldrel-windows-ix86+x86_64 0.4.8 28.00 233.00 261.00 NOTE

Check Details

Version: 0.4.8
Check: package dependencies
Result: ERROR
    Packages required but not available: 'ggpubr', 'broom', 'tidyr'
    
    Package suggested but not available for checking: 'flexsurv'
    
    See section 'The DESCRIPTION file' in the 'Writing R Extensions'
    manual.
Flavors: r-devel-linux-x86_64-debian-clang, r-release-linux-x86_64

Version: 0.4.8
Check: installed package size
Result: NOTE
     installed size is 5.3Mb
     sub-directories of 1Mb or more:
     doc 4.8Mb
Flavors: r-devel-linux-x86_64-fedora-clang, r-devel-windows-ix86+x86_64, r-patched-solaris-x86, r-release-macos-x86_64, r-release-windows-ix86+x86_64, r-oldrel-macos-x86_64, r-oldrel-windows-ix86+x86_64