CRAN Package Check Results for Package survivalROC

Last updated on 2022-07-03 15:52:45 CEST.

Flavor Version Tinstall Tcheck Ttotal Status Flags
r-devel-linux-x86_64-debian-clang 1.0.3 3.00 23.04 26.04 NOTE
r-devel-linux-x86_64-debian-gcc 1.0.3 2.26 17.83 20.09 NOTE
r-devel-linux-x86_64-fedora-clang 1.0.3 43.05 NOTE
r-devel-linux-x86_64-fedora-gcc 1.0.3 41.68 NOTE
r-devel-windows-x86_64 1.0.3 21.00 44.00 65.00 NOTE
r-patched-linux-x86_64 1.0.3 2.48 22.49 24.97 NOTE
r-release-linux-x86_64 1.0.3 2.68 22.88 25.56 NOTE
r-release-macos-arm64 1.0.3 16.00 NOTE
r-release-macos-x86_64 1.0.3 22.00 NOTE
r-release-windows-x86_64 1.0.3 9.00 47.00 56.00 NOTE
r-oldrel-macos-arm64 1.0.3 20.00 NOTE
r-oldrel-macos-x86_64 1.0.3 27.00 NOTE
r-oldrel-windows-ix86+x86_64 1.0.3 9.00 31.00 40.00 NOTE

Check Details

Version: 1.0.3
Check: DESCRIPTION meta-information
Result: NOTE
    Malformed Description field: should contain one or more complete sentences.
Flavors: r-devel-linux-x86_64-debian-clang, r-devel-linux-x86_64-debian-gcc, r-devel-linux-x86_64-fedora-clang, r-devel-linux-x86_64-fedora-gcc, r-devel-windows-x86_64, r-patched-linux-x86_64, r-release-linux-x86_64, r-release-macos-arm64, r-release-macos-x86_64, r-release-windows-x86_64, r-oldrel-macos-arm64, r-oldrel-macos-x86_64, r-oldrel-windows-ix86+x86_64

Version: 1.0.3
Check: compiled code
Result: NOTE
    File ‘survivalROC/libs/survivalROC.so’:
     Found no calls to: ‘R_registerRoutines’, ‘R_useDynamicSymbols’
    
    It is good practice to register native routines and to disable symbol
    search.
    
    See ‘Writing portable packages’ in the ‘Writing R Extensions’ manual.
Flavors: r-devel-linux-x86_64-fedora-clang, r-devel-linux-x86_64-fedora-gcc