CRAN Package Check Results for Package survivalAnalysis

Last updated on 2019-02-15 19:49:15 CET.

Flavor Version Tinstall Tcheck Ttotal Status Flags
r-devel-linux-x86_64-debian-clang 0.1.1 7.63 108.73 116.36 OK
r-devel-linux-x86_64-debian-gcc 0.1.1 6.18 82.26 88.44 OK
r-devel-linux-x86_64-fedora-clang 0.1.1 146.56 OK
r-devel-linux-x86_64-fedora-gcc 0.1.1 126.25 OK
r-devel-windows-ix86+x86_64 0.1.1 6.00 7.00 13.00 ERROR
r-patched-linux-x86_64 0.1.1 8.76 98.57 107.33 OK
r-patched-solaris-x86 0.1.1 187.20 OK
r-release-linux-x86_64 0.1.1 8.75 98.32 107.07 OK
r-release-windows-ix86+x86_64 0.1.1 15.00 116.00 131.00 OK
r-release-osx-x86_64 0.1.1 OK
r-oldrel-windows-ix86+x86_64 0.1.1 2.00 6.00 8.00 ERROR
r-oldrel-osx-x86_64 0.1.1 OK

Check Details

Version: 0.1.1
Check: whether package can be installed
Result: ERROR
    Installation failed.
Flavors: r-devel-windows-ix86+x86_64, r-oldrel-windows-ix86+x86_64