CRAN Package Check Results for Package surveybootstrap

Last updated on 2022-06-28 15:53:29 CEST.

Flavor Version Tinstall Tcheck Ttotal Status Flags
r-devel-linux-x86_64-debian-clang 0.0.1 34.76 157.02 191.78 OK
r-devel-linux-x86_64-debian-gcc 0.0.1 29.80 110.92 140.72 OK
r-devel-linux-x86_64-fedora-clang 0.0.1 238.74 NOTE
r-devel-linux-x86_64-fedora-gcc 0.0.1 232.37 NOTE
r-devel-windows-x86_64 0.0.1 77.00 180.00 257.00 OK
r-patched-linux-x86_64 0.0.1 31.29 145.49 176.78 OK
r-release-linux-x86_64 0.0.1 28.21 142.66 170.87 OK
r-release-macos-arm64 0.0.1 57.00 OK
r-release-macos-x86_64 0.0.1 99.00 OK
r-release-windows-x86_64 0.0.1 79.00 178.00 257.00 OK
r-oldrel-macos-arm64 0.0.1 65.00 OK
r-oldrel-macos-x86_64 0.0.1 127.00 OK
r-oldrel-windows-ix86+x86_64 0.0.1 88.00 313.00 401.00 OK

Check Details

Version: 0.0.1
Check: compiled code
Result: NOTE
    File ‘surveybootstrap/libs/surveybootstrap.so’:
     Found no calls to: ‘R_registerRoutines’, ‘R_useDynamicSymbols’
    
    It is good practice to register native routines and to disable symbol
    search.
    
    See ‘Writing portable packages’ in the ‘Writing R Extensions’ manual.
Flavors: r-devel-linux-x86_64-fedora-clang, r-devel-linux-x86_64-fedora-gcc