Last updated on 2023-05-28 13:57:42 CEST.
Flavor | Version | Tinstall | Tcheck | Ttotal | Status | Flags |
---|---|---|---|---|---|---|
r-devel-linux-x86_64-debian-clang | 4.2-1 | 29.81 | 424.22 | 454.03 | OK | |
r-devel-linux-x86_64-debian-gcc | 4.2-1 | 25.15 | 319.85 | 345.00 | OK | |
r-devel-linux-x86_64-fedora-clang | 4.2-1 | 602.48 | OK | |||
r-devel-linux-x86_64-fedora-gcc | 4.2-1 | 557.09 | OK | |||
r-devel-windows-x86_64 | 4.2-1 | 25.00 | 392.00 | 417.00 | OK | |
r-patched-linux-x86_64 | 4.2-1 | 35.90 | 406.97 | 442.87 | OK | |
r-release-linux-x86_64 | 4.2-1 | 26.33 | 403.05 | 429.38 | OK | |
r-release-macos-arm64 | 4.2-1 | 170.00 | OK | |||
r-release-macos-x86_64 | 4.1-1 | 284.00 | NOTE | |||
r-release-windows-x86_64 | 4.2-1 | 36.00 | 440.00 | 476.00 | OK | |
r-oldrel-macos-arm64 | 4.2-1 | 159.00 | OK | |||
r-oldrel-macos-x86_64 | 4.2-1 | 211.00 | OK | |||
r-oldrel-windows-x86_64 | 4.2-1 | 36.00 | 441.00 | 477.00 | OK |
Version: 4.1-1
Check: Rd files
Result: NOTE
checkRd: (-1) estweights.Rd:42: Escaped LaTeX specials: \&
Flavor: r-release-macos-x86_64