Last updated on 2023-12-04 20:52:52 CET.
Flavor | Version | Tinstall | Tcheck | Ttotal | Status | Flags |
---|---|---|---|---|---|---|
r-devel-linux-x86_64-debian-clang | 4.2-1 | 30.90 | 412.38 | 443.28 | NOTE | |
r-devel-linux-x86_64-debian-gcc | 4.2-1 | 26.70 | 310.37 | 337.07 | NOTE | |
r-devel-linux-x86_64-fedora-clang | 4.2-1 | 560.85 | OK | |||
r-devel-linux-x86_64-fedora-gcc | 4.2-1 | 549.31 | OK | |||
r-devel-windows-x86_64 | 4.2-1 | 26.00 | 370.00 | 396.00 | OK | |
r-patched-linux-x86_64 | 4.2-1 | 30.34 | 405.86 | 436.20 | OK | |
r-release-linux-x86_64 | 4.2-1 | 29.98 | 400.50 | 430.48 | OK | |
r-release-macos-arm64 | 4.2-1 | 170.00 | OK | |||
r-release-macos-x86_64 | 4.2-1 | 530.00 | OK | |||
r-release-windows-x86_64 | 4.2-1 | 36.00 | 432.00 | 468.00 | OK | |
r-oldrel-macos-arm64 | 4.2-1 | 159.00 | OK | |||
r-oldrel-macos-x86_64 | 4.2-1 | 211.00 | OK | |||
r-oldrel-windows-x86_64 | 4.2-1 | 34.00 | 446.00 | 480.00 | OK |
Version: 4.2-1
Check: Rd files
Result: NOTE
checkRd: (-1) svyquantile.Rd:58: Lost braces; missing escapes or markup?
58 | quantile interval; \code{"hf1"} to {"hf9"} are weighted analogues of
| ^
Flavors: r-devel-linux-x86_64-debian-clang, r-devel-linux-x86_64-debian-gcc