CRAN Package Check Results for Package survJamda.data

Last updated on 2022-09-24 22:54:49 CEST.

Flavor Version Tinstall Tcheck Ttotal Status Flags
r-devel-linux-x86_64-debian-clang 1.0.2 2.42 24.74 27.16 OK
r-devel-linux-x86_64-debian-gcc 1.0.2 2.16 19.47 21.63 OK
r-devel-linux-x86_64-fedora-clang 1.0.2 42.92 NOTE
r-devel-linux-x86_64-fedora-gcc 1.0.2 42.49 OK
r-devel-windows-x86_64 1.0.2 21.00 56.00 77.00 NOTE
r-patched-linux-x86_64 1.0.2 1.93 23.63 25.56 OK
r-release-linux-x86_64 1.0.2 2.14 23.53 25.67 OK
r-release-macos-arm64 1.0.2 21.00 NOTE
r-release-macos-x86_64 1.0.2 22.00 NOTE
r-release-windows-x86_64 1.0.2 6.00 52.00 58.00 NOTE
r-oldrel-macos-arm64 1.0.2 26.00 NOTE
r-oldrel-macos-x86_64 1.0.2 26.00 NOTE
r-oldrel-windows-ix86+x86_64 1.0.2 4.00 27.00 31.00 NOTE

Check Details

Version: 1.0.2
Check: installed package size
Result: NOTE
     installed size is 12.2Mb
     sub-directories of 1Mb or more:
     data 12.0Mb
Flavors: r-devel-linux-x86_64-fedora-clang, r-devel-windows-x86_64, r-release-macos-arm64, r-release-macos-x86_64, r-release-windows-x86_64, r-oldrel-macos-arm64, r-oldrel-macos-x86_64, r-oldrel-windows-ix86+x86_64

Version: 1.0.2
Check: Rd cross-references
Result: NOTE
    Undeclared package ‘survJamda’ in Rd xrefs
Flavor: r-devel-linux-x86_64-fedora-clang

Version: 1.0.2
Check: Rd cross-references
Result: NOTE
    Package unavailable to check Rd xrefs: ‘survJamda’
Flavors: r-release-macos-arm64, r-oldrel-macos-arm64