Last updated on 2023-02-05 11:10:49 CET.
Flavor | Version | Tinstall | Tcheck | Ttotal | Status | Flags |
---|---|---|---|---|---|---|
r-devel-linux-x86_64-debian-clang | 1.1.2 | 1116.46 | 247.49 | 1363.95 | NOTE | |
r-devel-linux-x86_64-debian-gcc | 1.1.2 | 1068.45 | 244.26 | 1312.71 | NOTE | |
r-devel-linux-x86_64-fedora-clang | 1.1.2 | 1795.75 | NOTE | |||
r-devel-linux-x86_64-fedora-gcc | 1.1.2 | 2193.22 | NOTE | |||
r-devel-windows-x86_64 | 1.1.2 | 803.00 | 395.00 | 1198.00 | NOTE | |
r-patched-linux-x86_64 | 1.1.2 | 968.86 | 305.56 | 1274.42 | NOTE | |
r-release-linux-x86_64 | 1.1.2 | 1041.66 | 310.18 | 1351.84 | NOTE | |
r-release-macos-arm64 | 1.1.2 | 493.00 | NOTE | |||
r-release-macos-x86_64 | 1.1.2 | 790.00 | NOTE | |||
r-release-windows-x86_64 | 1.1.2 | 760.00 | 391.00 | 1151.00 | NOTE | |
r-oldrel-macos-arm64 | 1.1.2 | 533.00 | NOTE | |||
r-oldrel-macos-x86_64 | 1.1.2 | 884.00 | NOTE | |||
r-oldrel-windows-ix86+x86_64 | 1.1.2 | 2600.00 | 448.00 | 3048.00 | NOTE |
Version: 1.1.2
Check: package dependencies
Result: NOTE
Package suggested but not available for checking: ‘INLA’
Flavors: r-devel-linux-x86_64-debian-clang, r-devel-linux-x86_64-debian-gcc, r-devel-windows-x86_64, r-patched-linux-x86_64, r-release-linux-x86_64, r-release-macos-arm64, r-release-macos-x86_64, r-release-windows-x86_64, r-oldrel-macos-arm64, r-oldrel-macos-x86_64
Version: 1.1.2
Check: C++ specification
Result: NOTE
Specified C++14: please update to current default of C++17
Flavors: r-devel-linux-x86_64-debian-clang, r-devel-linux-x86_64-debian-gcc, r-devel-linux-x86_64-fedora-clang, r-devel-linux-x86_64-fedora-gcc, r-devel-windows-x86_64
Version: 1.1.2
Check: for GNU extensions in Makefiles
Result: NOTE
GNU make is a SystemRequirements.
Flavors: r-devel-linux-x86_64-debian-clang, r-devel-linux-x86_64-debian-gcc, r-devel-linux-x86_64-fedora-clang, r-devel-linux-x86_64-fedora-gcc, r-devel-windows-x86_64, r-patched-linux-x86_64, r-release-linux-x86_64, r-release-macos-arm64, r-release-macos-x86_64, r-release-windows-x86_64, r-oldrel-macos-arm64, r-oldrel-macos-x86_64, r-oldrel-windows-ix86+x86_64
Version: 1.1.2
Check: installed package size
Result: NOTE
installed size is 11.4Mb
sub-directories of 1Mb or more:
libs 10.4Mb
Flavors: r-devel-linux-x86_64-fedora-clang, r-devel-windows-x86_64, r-release-macos-arm64, r-release-macos-x86_64, r-release-windows-x86_64, r-oldrel-macos-arm64, r-oldrel-macos-x86_64, r-oldrel-windows-ix86+x86_64