Last updated on 2022-08-12 09:52:15 CEST.
Flavor | Version | Tinstall | Tcheck | Ttotal | Status | Flags |
---|---|---|---|---|---|---|
r-devel-linux-x86_64-debian-clang | 1.1.2 | 1159.75 | 255.61 | 1415.36 | NOTE | |
r-devel-linux-x86_64-debian-gcc | 1.1.2 | 1087.09 | 238.67 | 1325.76 | NOTE | |
r-devel-linux-x86_64-fedora-clang | 1.1.2 | 2053.99 | NOTE | |||
r-devel-linux-x86_64-fedora-gcc | 1.1.2 | 2194.45 | NOTE | |||
r-devel-windows-x86_64 | 1.1.2 | 1472.00 | 375.00 | 1847.00 | NOTE | |
r-patched-linux-x86_64 | 1.1.2 | 921.99 | 306.11 | 1228.10 | NOTE | |
r-release-linux-x86_64 | 1.1.2 | 928.88 | 301.74 | 1230.62 | NOTE | |
r-release-macos-arm64 | 1.1.2 | 493.00 | NOTE | |||
r-release-macos-x86_64 | 1.1.2 | 790.00 | NOTE | |||
r-release-windows-x86_64 | 1.1.2 | 774.00 | 371.00 | 1145.00 | NOTE | |
r-oldrel-macos-arm64 | 1.1.2 | 533.00 | NOTE | |||
r-oldrel-macos-x86_64 | 1.1.2 | 884.00 | NOTE | |||
r-oldrel-windows-ix86+x86_64 | 1.1.2 | 2611.00 | 467.00 | 3078.00 | NOTE |
Version: 1.1.2
Check: package dependencies
Result: NOTE
Package suggested but not available for checking: 'INLA'
Flavors: r-devel-linux-x86_64-debian-clang, r-devel-linux-x86_64-debian-gcc, r-devel-windows-x86_64, r-patched-linux-x86_64, r-release-linux-x86_64, r-release-macos-arm64, r-release-macos-x86_64, r-release-windows-x86_64, r-oldrel-macos-arm64, r-oldrel-macos-x86_64
Version: 1.1.2
Check: for GNU extensions in Makefiles
Result: NOTE
GNU make is a SystemRequirements.
Flavors: r-devel-linux-x86_64-debian-clang, r-devel-linux-x86_64-debian-gcc, r-devel-linux-x86_64-fedora-clang, r-devel-linux-x86_64-fedora-gcc, r-devel-windows-x86_64, r-patched-linux-x86_64, r-release-linux-x86_64, r-release-macos-arm64, r-release-macos-x86_64, r-release-windows-x86_64, r-oldrel-macos-arm64, r-oldrel-macos-x86_64, r-oldrel-windows-ix86+x86_64
Version: 1.1.2
Check: installed package size
Result: NOTE
installed size is 103.3Mb
sub-directories of 1Mb or more:
libs 102.4Mb
Flavors: r-devel-linux-x86_64-fedora-clang, r-devel-windows-x86_64, r-release-macos-arm64, r-release-macos-x86_64, r-release-windows-x86_64, r-oldrel-macos-arm64, r-oldrel-macos-x86_64, r-oldrel-windows-ix86+x86_64