CRAN Package Check Results for Package suropt

Last updated on 2019-04-24 14:47:47 CEST.

Flavor Version Tinstall Tcheck Ttotal Status Flags
r-devel-linux-x86_64-debian-clang 0.1.1 7.84 68.76 76.60 OK
r-devel-linux-x86_64-debian-gcc 0.1.1 8.00 55.05 63.05 OK
r-devel-linux-x86_64-fedora-clang 0.1.1 95.45 NOTE
r-devel-linux-x86_64-fedora-gcc 0.1.1 90.12 NOTE
r-devel-windows-ix86+x86_64 0.1.1 31.00 77.00 108.00 OK
r-patched-linux-x86_64 0.1.1 8.87 68.46 77.33 OK
r-patched-solaris-x86 0.1.1 157.50 NOTE
r-release-linux-x86_64 0.1.1 5.32 69.23 74.55 OK
r-release-windows-ix86+x86_64 0.1.1 10.00 128.00 138.00 OK
r-release-osx-x86_64 0.1.1 NOTE
r-oldrel-windows-ix86+x86_64 0.1.1 16.00 107.00 123.00 OK
r-oldrel-osx-x86_64 0.1.1 NOTE

Check Details

Version: 0.1.1
Check: dependencies in R code
Result: NOTE
    Namespaces in Imports field not imported from:
     ‘DiceOptim’ ‘GPareto’ ‘rgenoud’
     All declared Imports should be used.
Flavors: r-devel-linux-x86_64-fedora-clang, r-devel-linux-x86_64-fedora-gcc, r-patched-solaris-x86, r-release-osx-x86_64, r-oldrel-osx-x86_64