CRAN Package Check Results for Package sureLDA

Last updated on 2024-03-05 04:57:52 CET.

Flavor Version Tinstall Tcheck Ttotal Status Flags
r-devel-linux-x86_64-debian-clang 0.1.0-1 41.52 648.01 689.53 OK
r-devel-linux-x86_64-debian-gcc 0.1.0-1 32.01 450.20 482.21 OK
r-devel-linux-x86_64-fedora-clang 0.1.0-1 842.51 NOTE
r-devel-linux-x86_64-fedora-gcc 0.1.0-1 868.40 NOTE
r-devel-windows-x86_64 0.1.0-1 31.00 552.00 583.00 OK
r-patched-linux-x86_64 0.1.0-1 40.18 326.28 366.46 OK
r-release-linux-x86_64 0.1.0-1 37.80 310.67 348.47 OK
r-release-macos-arm64 0.1.0-1 128.00 OK
r-release-macos-x86_64 0.1.0-1 204.00 OK
r-release-windows-x86_64 0.1.0-1 41.00 372.00 413.00 OK
r-oldrel-macos-arm64 0.1.0-1 102.00 NOTE
r-oldrel-windows-x86_64 0.1.0-1 38.00 356.00 394.00 OK

Check Details

Version: 0.1.0-1
Check: dependencies in R code
Result: NOTE Namespaces in Imports field not imported from: ‘doParallel’ ‘pROC’ All declared Imports should be used. Flavors: r-devel-linux-x86_64-fedora-clang, r-devel-linux-x86_64-fedora-gcc, r-oldrel-macos-arm64