Last updated on 2023-03-25 01:49:30 CET.
Flavor | Version | Tinstall | Tcheck | Ttotal | Status | Flags |
---|---|---|---|---|---|---|
r-devel-linux-x86_64-debian-clang | 0.1.0-1 | 42.51 | 321.68 | 364.19 | OK | |
r-devel-linux-x86_64-debian-gcc | 0.1.0-1 | 31.16 | 215.92 | 247.08 | OK | |
r-devel-linux-x86_64-fedora-clang | 0.1.0-1 | 466.32 | NOTE | |||
r-devel-linux-x86_64-fedora-gcc | 0.1.0-1 | 445.49 | NOTE | |||
r-patched-linux-x86_64 | 0.1.0-1 | 31.70 | 309.94 | 341.64 | OK | |
r-release-linux-x86_64 | 0.1.0-1 | 34.94 | 304.93 | 339.87 | OK | |
r-release-macos-arm64 | 0.1.0-1 | 102.00 | NOTE | |||
r-release-macos-x86_64 | 0.1.0-1 | 150.00 | NOTE | |||
r-release-windows-x86_64 | 0.1.0-1 | 42.00 | 409.00 | 451.00 | OK | |
r-oldrel-macos-arm64 | 0.1.0-1 | 105.00 | NOTE | |||
r-oldrel-macos-x86_64 | 0.1.0-1 | 173.00 | NOTE | |||
r-oldrel-windows-ix86+x86_64 | 0.1.0-1 | 90.00 | 417.00 | 507.00 | OK |
Version: 0.1.0-1
Check: dependencies in R code
Result: NOTE
Namespaces in Imports field not imported from:
‘doParallel’ ‘pROC’
All declared Imports should be used.
Flavors: r-devel-linux-x86_64-fedora-clang, r-devel-linux-x86_64-fedora-gcc, r-release-macos-arm64, r-release-macos-x86_64, r-oldrel-macos-arm64, r-oldrel-macos-x86_64