CRAN Package Check Results for Package sureLDA

Last updated on 2021-11-26 23:50:17 CET.

Flavor Version Tinstall Tcheck Ttotal Status Flags
r-devel-linux-x86_64-debian-clang 0.1.0-1 36.11 286.79 322.90 OK
r-devel-linux-x86_64-debian-gcc 0.1.0-1 25.62 196.42 222.04 OK
r-devel-linux-x86_64-fedora-clang 0.1.0-1 400.30 NOTE
r-devel-linux-x86_64-fedora-gcc 0.1.0-1 403.79 NOTE
r-devel-windows-x86_64-new-UL 0.1.0-1 50.00 411.00 461.00 OK
r-devel-windows-x86_64-new-TK 0.1.0-1 NOTE
r-devel-windows-x86_64-old 0.1.0-1 36.00 409.00 445.00 OK
r-patched-linux-x86_64 0.1.0-1 30.15 278.39 308.54 OK
r-patched-solaris-x86 0.1.0-1 156.80 NOTE
r-release-linux-x86_64 0.1.0-1 OK
r-release-macos-arm64 0.1.0-1 NOTE
r-release-macos-x86_64 0.1.0-1 NOTE
r-release-windows-ix86+x86_64 0.1.0-1 87.00 321.00 408.00 OK
r-oldrel-macos-x86_64 0.1.0-1 NOTE
r-oldrel-windows-ix86+x86_64 0.1.0-1 62.00 415.00 477.00 OK

Check Details

Version: 0.1.0-1
Check: dependencies in R code
Result: NOTE
    Namespaces in Imports field not imported from:
     ‘doParallel’ ‘pROC’
     All declared Imports should be used.
Flavors: r-devel-linux-x86_64-fedora-clang, r-devel-linux-x86_64-fedora-gcc, r-devel-windows-x86_64-new-TK, r-patched-solaris-x86, r-release-macos-arm64, r-release-macos-x86_64, r-oldrel-macos-x86_64