CRAN Package Check Results for Package suppdata

Last updated on 2021-08-05 12:57:32 CEST.

Flavor Version Tinstall Tcheck Ttotal Status Flags
r-devel-linux-x86_64-debian-clang 1.1-6 5.71 66.38 72.09 OK
r-devel-linux-x86_64-debian-gcc 1.1-6 4.71 49.75 54.46 OK
r-devel-linux-x86_64-fedora-clang 1.1-6 95.54 OK
r-devel-linux-x86_64-fedora-gcc 1.1-6 83.13 OK
r-devel-windows-x86_64 1.1-6 10.00 73.00 83.00 OK
r-devel-windows-x86_64-gcc10-UCRT 1.1-6 ERROR
r-patched-linux-x86_64 1.1-6 5.91 61.33 67.24 OK
r-patched-solaris-x86 1.1-6 121.30 OK
r-release-linux-x86_64 1.1-6 5.82 61.75 67.57 OK
r-release-macos-arm64 1.1-6 OK
r-release-macos-x86_64 1.1-6 OK
r-release-windows-ix86+x86_64 1.1-6 17.00 70.00 87.00 OK
r-oldrel-macos-x86_64 1.1-6 OK
r-oldrel-windows-ix86+x86_64 1.1-6 21.00 94.00 115.00 OK

Check Details

Version: 1.1-6
Check: package dependencies
Result: ERROR
    Package required but not available: 'rcrossref'
    
    Packages suggested but not available for checking: 'testthat', 'fulltext'
    
    See section 'The DESCRIPTION file' in the 'Writing R Extensions'
    manual.
Flavor: r-devel-windows-x86_64-gcc10-UCRT