CRAN Package Check Results for Package superml

Last updated on 2019-08-24 07:47:34 CEST.

Flavor Version Tinstall Tcheck Ttotal Status Flags
r-devel-linux-x86_64-debian-clang 0.4.0 11.60 44.66 56.26 OK --no-vignettes
r-devel-linux-x86_64-debian-gcc 0.4.0 9.38 34.35 43.73 OK --no-vignettes
r-devel-linux-x86_64-fedora-clang 0.4.0 117.01 OK
r-devel-linux-x86_64-fedora-gcc 0.4.0 124.92 OK
r-devel-windows-ix86+x86_64 0.4.0 14.00 74.00 88.00 OK
r-patched-linux-x86_64 0.4.0 11.50 39.93 51.43 OK --no-vignettes
r-patched-solaris-x86 0.4.0 241.00 WARN
r-release-linux-x86_64 0.4.0 9.71 40.76 50.47 OK --no-vignettes
r-release-windows-ix86+x86_64 0.4.0 21.00 121.00 142.00 OK
r-release-osx-x86_64 0.4.0 OK
r-oldrel-windows-ix86+x86_64 0.4.0 18.00 101.00 119.00 OK
r-oldrel-osx-x86_64 0.4.0 OK

Check Details

Version: 0.4.0
Check: re-building of vignette outputs
Result: WARN
    Error(s) in re-building vignettes:
     ...
    --- re-building ‘introduction.Rmd’ using rmarkdown
    Warning in engine$weave(file, quiet = quiet, encoding = enc) :
     Pandoc (>= 1.12.3) and/or pandoc-citeproc not available. Falling back to R Markdown v1.
    Error: segfault from C stack overflow
    Execution halted
Flavor: r-patched-solaris-x86