CRAN Package Check Results for Package superml

Last updated on 2019-02-21 07:48:55 CET.

Flavor Version Tinstall Tcheck Ttotal Status Flags
r-devel-linux-x86_64-debian-clang 0.2.0 17.18 104.90 122.08 OK --no-vignettes
r-devel-linux-x86_64-debian-gcc 0.2.0 13.75 85.67 99.42 OK --no-vignettes
r-devel-linux-x86_64-fedora-clang 0.2.0 646.53 OK
r-devel-linux-x86_64-fedora-gcc 0.2.0 476.50 OK
r-devel-windows-ix86+x86_64 0.2.0 34.00 421.00 455.00 OK
r-patched-linux-x86_64 0.2.0 OK --no-vignettes
r-patched-solaris-x86 0.2.0 4.10 ERROR
r-release-linux-x86_64 0.2.0 OK --no-vignettes
r-release-windows-ix86+x86_64 0.2.0 26.00 429.00 455.00 OK
r-release-osx-x86_64 0.2.0 OK
r-oldrel-windows-ix86+x86_64 0.2.0 16.00 170.00 186.00 OK
r-oldrel-osx-x86_64 0.2.0 OK

Check Details

Version: 0.2.0
Check: package dependencies
Result: ERROR
    Package required but not available: ‘xgboost’
    
    See section ‘The DESCRIPTION file’ in the ‘Writing R Extensions’
    manual.
Flavor: r-patched-solaris-x86