CRAN Package Check Results for Package superml

Last updated on 2019-04-25 16:52:05 CEST.

Flavor Version Tinstall Tcheck Ttotal Status Flags
r-devel-linux-x86_64-debian-clang 0.3.0 11.57 47.61 59.18 OK --no-vignettes
r-devel-linux-x86_64-debian-gcc 0.3.0 9.52 39.73 49.25 OK --no-vignettes
r-devel-linux-x86_64-fedora-clang 0.3.0 233.19 OK
r-devel-linux-x86_64-fedora-gcc 0.3.0 206.09 OK
r-devel-windows-ix86+x86_64 0.3.0 21.00 362.00 383.00 OK
r-patched-linux-x86_64 0.3.0 11.05 41.55 52.60 OK --no-vignettes
r-patched-solaris-x86 0.3.0 142.30 ERROR
r-release-linux-x86_64 0.3.0 9.94 39.84 49.78 OK --no-vignettes
r-release-windows-ix86+x86_64 0.3.0 12.00 81.00 93.00 OK
r-release-osx-x86_64 0.3.0 OK
r-oldrel-windows-ix86+x86_64 0.2.0 29.00 461.00 490.00 OK
r-oldrel-osx-x86_64 0.3.0 ERROR

Check Details

Version: 0.3.0
Check: package dependencies
Result: NOTE
    Package suggested but not available for checking: ‘xgboost’
Flavor: r-patched-solaris-x86

Version: 0.3.0
Check: examples
Result: ERROR
    Running examples in ‘superml-Ex.R’ failed
    The error most likely occurred in:
    
    > ### Name: XGBTrainer
    > ### Title: Extreme Gradient Boosting Trainer
    > ### Aliases: XGBTrainer
    > ### Keywords: datasets
    >
    > ### ** Examples
    >
    > library(data.table)
    > df <- copy(iris)
    >
    > # convert characters/factors to numeric
    > df$Species <- as.numeric(as.factor(df$Species))-1
    >
    > # initialise model
    > xgb <- XGBTrainer$new(objective = 'multi:softmax',
    + maximize = FALSE,
    + eval_metric = 'merror',
    + num_class=3,
    + n_estimators = 2)
    Error: Need Package xgboostneeded for this function to work. Please install it.
    Execution halted
Flavor: r-patched-solaris-x86

Version: 0.3.0
Check: re-building of vignette outputs
Result: WARN
    Error(s) in re-building vignettes:
     ...
    --- re-building ‘introduction.Rmd’ using rmarkdown
    Warning in engine$weave(file, quiet = quiet, encoding = enc) :
     Pandoc (>= 1.12.3) and/or pandoc-citeproc not available. Falling back to R Markdown v1.
    Quitting from lines 162-171 (introduction.Rmd)
    Error: processing vignette 'introduction.Rmd' failed with diagnostics:
    Need Package xgboostneeded for this function to work. Please install it.
    --- failed re-building ‘introduction.Rmd’
    
    SUMMARY: processing the following file failed:
     ‘introduction.Rmd’
    
    Error: Vignette re-building failed.
    Execution halted
Flavor: r-patched-solaris-x86

Version: 0.3.0
Check: whether package can be installed
Result: ERROR
    Installation failed.
Flavor: r-oldrel-osx-x86_64