CRAN Package Check Results for Package supc

Last updated on 2022-11-28 23:53:33 CET.

Flavor Version Tinstall Tcheck Ttotal Status Flags
r-devel-linux-x86_64-debian-clang 0.2.6.2 39.36 392.31 431.67 OK
r-devel-linux-x86_64-debian-gcc 0.2.6.2 28.61 260.14 288.75 OK
r-devel-linux-x86_64-fedora-clang 0.2.6.2 546.94 OK
r-devel-linux-x86_64-fedora-gcc 0.2.6.2 539.49 OK
r-devel-windows-x86_64 0.2.6.2 47.00 548.00 595.00 OK
r-patched-linux-x86_64 0.2.6.2 32.67 360.97 393.64 OK
r-release-linux-x86_64 0.2.6.2 31.37 375.25 406.62 OK
r-release-macos-arm64 0.2.6.2 132.00 OK
r-release-macos-x86_64 0.2.6.2 202.00 OK
r-release-windows-x86_64 0.2.6.2 43.00 537.00 580.00 OK
r-oldrel-macos-arm64 0.2.6.2 123.00 OK
r-oldrel-macos-x86_64 0.2.6.2 217.00 OK
r-oldrel-windows-ix86+x86_64 0.2.6.2 96.00 650.00 746.00 NOTE

Check Details

Version: 0.2.6.2
Check: installed package size
Result: NOTE
     installed size is 5.5Mb
     sub-directories of 1Mb or more:
     doc 1.4Mb
     libs 2.4Mb
Flavor: r-oldrel-windows-ix86+x86_64