CRAN Package Check Results for Package sunburstR

Last updated on 2021-06-16 23:49:38 CEST.

Flavor Version Tinstall Tcheck Ttotal Status Flags
r-devel-linux-x86_64-debian-clang 2.1.5 2.60 43.43 46.03 NOTE
r-devel-linux-x86_64-debian-gcc 2.1.5 2.19 33.59 35.78 NOTE
r-devel-linux-x86_64-fedora-clang 2.1.5 63.56 NOTE
r-devel-linux-x86_64-fedora-gcc 2.1.5 53.55 NOTE
r-devel-windows-x86_64 2.1.5 5.00 63.00 68.00 NOTE
r-devel-windows-x86_64-gcc10-UCRT 2.1.5 NOTE
r-patched-linux-x86_64 2.1.5 2.95 40.97 43.92 NOTE
r-patched-solaris-x86 2.1.5 79.60 NOTE
r-release-linux-x86_64 2.1.5 2.46 41.38 43.84 NOTE
r-release-macos-arm64 2.1.5 NOTE
r-release-macos-x86_64 2.1.5 NOTE
r-release-windows-ix86+x86_64 2.1.5 10.00 63.00 73.00 NOTE
r-oldrel-macos-x86_64 2.1.5 OK
r-oldrel-windows-ix86+x86_64 2.1.5 5.00 74.00 79.00 OK

Check Details

Version: 2.1.5
Check: LazyData
Result: NOTE
     'LazyData' is specified without a 'data' directory
Flavors: r-devel-linux-x86_64-debian-clang, r-devel-linux-x86_64-debian-gcc, r-devel-linux-x86_64-fedora-clang, r-devel-linux-x86_64-fedora-gcc, r-devel-windows-x86_64, r-devel-windows-x86_64-gcc10-UCRT, r-patched-linux-x86_64, r-patched-solaris-x86, r-release-linux-x86_64, r-release-macos-arm64, r-release-macos-x86_64, r-release-windows-ix86+x86_64