CRAN Package Check Results for Package summarytools

Last updated on 2019-07-24 11:38:35 CEST.

Flavor Version Tinstall Tcheck Ttotal Status Flags
r-devel-linux-x86_64-debian-clang 0.9.3 13.00 89.03 102.03 OK
r-devel-linux-x86_64-debian-gcc 0.9.3 11.66 68.93 80.59 OK
r-devel-linux-x86_64-fedora-clang 0.9.3 129.02 NOTE
r-devel-linux-x86_64-fedora-gcc 0.9.3 137.99 NOTE
r-devel-windows-ix86+x86_64 0.9.3 20.00 151.00 171.00 OK
r-patched-linux-x86_64 0.9.3 15.35 88.06 103.41 OK
r-patched-solaris-x86 0.9.3 177.40 NOTE
r-release-linux-x86_64 0.9.3 13.50 87.52 101.02 OK
r-release-windows-ix86+x86_64 0.9.3 18.00 111.00 129.00 OK
r-release-osx-x86_64 0.9.3 NOTE
r-oldrel-windows-ix86+x86_64 0.9.3 18.00 117.00 135.00 OK
r-oldrel-osx-x86_64 0.9.3 NOTE

Check Details

Version: 0.9.3
Check: data for non-ASCII characters
Result: NOTE
     Note: found 78 marked UTF-8 strings
Flavors: r-devel-linux-x86_64-fedora-clang, r-devel-linux-x86_64-fedora-gcc, r-patched-solaris-x86, r-release-osx-x86_64, r-oldrel-osx-x86_64