CRAN Package Check Results for Package summariser

Last updated on 2022-08-16 20:53:26 CEST.

Flavor Version Tinstall Tcheck Ttotal Status Flags
r-devel-linux-x86_64-debian-clang 2.3.0 1.70 25.81 27.51 NOTE
r-devel-linux-x86_64-debian-gcc 2.3.0 1.64 19.78 21.42 NOTE
r-devel-linux-x86_64-fedora-clang 2.3.0 44.95 NOTE
r-devel-linux-x86_64-fedora-gcc 2.3.0 43.40 NOTE
r-devel-windows-x86_64 2.3.0 10.00 50.00 60.00 NOTE
r-patched-linux-x86_64 2.3.0 1.53 24.14 25.67 NOTE
r-release-linux-x86_64 2.3.0 1.67 24.68 26.35 NOTE
r-release-macos-arm64 2.3.0 17.00 NOTE
r-release-macos-x86_64 2.3.0 29.00 NOTE
r-release-windows-x86_64 2.3.0 15.00 53.00 68.00 NOTE
r-oldrel-macos-arm64 2.3.0 19.00 NOTE
r-oldrel-macos-x86_64 2.3.0 30.00 NOTE
r-oldrel-windows-ix86+x86_64 2.3.0 5.00 54.00 59.00 NOTE

Check Details

Version: 2.3.0
Check: LazyData
Result: NOTE
     'LazyData' is specified without a 'data' directory
Flavors: r-devel-linux-x86_64-debian-clang, r-devel-linux-x86_64-debian-gcc, r-devel-linux-x86_64-fedora-clang, r-devel-linux-x86_64-fedora-gcc, r-devel-windows-x86_64, r-patched-linux-x86_64, r-release-linux-x86_64, r-release-macos-arm64, r-release-macos-x86_64, r-release-windows-x86_64, r-oldrel-macos-arm64, r-oldrel-macos-x86_64, r-oldrel-windows-ix86+x86_64