CRAN Package Check Results for Package suddengains

Last updated on 2020-07-08 12:49:21 CEST.

Flavor Version Tinstall Tcheck Ttotal Status Flags
r-devel-linux-x86_64-debian-clang 0.4.4 6.41 183.28 189.69 OK
r-devel-linux-x86_64-debian-gcc 0.4.4 4.62 133.71 138.33 OK
r-devel-linux-x86_64-fedora-clang 0.4.4 215.99 OK
r-devel-linux-x86_64-fedora-gcc 0.4.4 217.50 OK
r-devel-windows-ix86+x86_64 0.4.4 15.00 204.00 219.00 OK
r-patched-linux-x86_64 0.4.4 7.04 176.00 183.04 OK
r-patched-solaris-x86 0.4.4 225.30 WARN
r-release-linux-x86_64 0.4.4 6.37 181.20 187.57 OK
r-release-osx-x86_64 0.4.4 OK
r-release-windows-ix86+x86_64 0.4.4 13.00 167.00 180.00 OK
r-oldrel-osx-x86_64 0.4.4 WARN
r-oldrel-windows-ix86+x86_64 0.4.4 18.00 248.00 266.00 OK

Check Details

Version: 0.4.4
Check: re-building of vignette outputs
Result: WARN
    Error(s) in re-building vignettes:
     ...
    --- re-building ‘shinygains.Rmd’ using rmarkdown
    Warning in engine$weave(file, quiet = quiet, encoding = enc) :
     Pandoc (>= 1.12.3) and/or pandoc-citeproc not available. Falling back to R Markdown v1.
    --- finished re-building ‘shinygains.Rmd’
    
    --- re-building ‘suddengains-tutorial.Rmd’ using rmarkdown
    Warning in engine$weave(file, quiet = quiet, encoding = enc) :
     Pandoc (>= 1.12.3) and/or pandoc-citeproc not available. Falling back to R Markdown v1.
    Quitting from lines 472-479 (suddengains-tutorial.Rmd)
    Error: processing vignette 'suddengains-tutorial.Rmd' failed with diagnostics:
    there is no package called 'webshot'
    --- failed re-building ‘suddengains-tutorial.Rmd’
    
    SUMMARY: processing the following file failed:
     ‘suddengains-tutorial.Rmd’
    
    Error: Vignette re-building failed.
    Execution halted
Flavor: r-patched-solaris-x86

Version: 0.4.4
Check: re-building of vignette outputs
Result: WARN
    Error(s) in re-building vignettes:
     ...
    --- re-building ‘shinygains.Rmd’ using rmarkdown
    Warning in engine$weave(file, quiet = quiet, encoding = enc) :
     Pandoc (>= 1.12.3) and/or pandoc-citeproc not available. Falling back to R Markdown v1.
    --- finished re-building ‘shinygains.Rmd’
    
    --- re-building ‘suddengains-tutorial.Rmd’ using rmarkdown
    Warning in engine$weave(file, quiet = quiet, encoding = enc) :
     Pandoc (>= 1.12.3) and/or pandoc-citeproc not available. Falling back to R Markdown v1.
    Quitting from lines 472-479 (suddengains-tutorial.Rmd)
    Error: processing vignette 'suddengains-tutorial.Rmd' failed with diagnostics:
    cannot open the connection
    --- failed re-building ‘suddengains-tutorial.Rmd’
    
    SUMMARY: processing the following file failed:
     ‘suddengains-tutorial.Rmd’
    
    Error: Vignette re-building failed.
    Execution halted
Flavor: r-oldrel-osx-x86_64