Last updated on 2021-03-09 04:49:02 CET.
Flavor | Version | Tinstall | Tcheck | Ttotal | Status | Flags |
---|---|---|---|---|---|---|
r-devel-linux-x86_64-debian-clang | 0.1.0 | 2.08 | 27.50 | 29.58 | OK | |
r-devel-linux-x86_64-debian-gcc | 0.1.0 | 1.66 | 21.59 | 23.25 | OK | |
r-devel-linux-x86_64-fedora-clang | 0.1.0 | 49.61 | NOTE | |||
r-devel-linux-x86_64-fedora-gcc | 0.1.0 | 41.47 | NOTE | |||
r-devel-windows-ix86+x86_64 | 0.1.0 | 5.00 | 47.00 | 52.00 | OK | |
r-devel-windows-x86_64-gcc10-UCRT | 0.1.0 | NOTE | ||||
r-patched-linux-x86_64 | 0.1.0 | 2.19 | 26.78 | 28.97 | OK | |
r-patched-solaris-x86 | 0.1.0 | 54.40 | NOTE | |||
r-release-linux-x86_64 | 0.1.0 | 2.12 | 26.96 | 29.08 | OK | |
r-release-macos-x86_64 | 0.1.0 | NOTE | ||||
r-release-windows-ix86+x86_64 | 0.1.0 | 4.00 | 43.00 | 47.00 | OK | |
r-oldrel-macos-x86_64 | 0.1.0 | NOTE | ||||
r-oldrel-windows-ix86+x86_64 | 0.1.0 | 3.00 | 31.00 | 34.00 | OK |
Version: 0.1.0
Check: dependencies in R code
Result: NOTE
Namespace in Imports field not imported from: ‘tidyselect’
All declared Imports should be used.
Flavors: r-devel-linux-x86_64-fedora-clang, r-devel-linux-x86_64-fedora-gcc, r-devel-windows-x86_64-gcc10-UCRT, r-patched-solaris-x86, r-release-macos-x86_64, r-oldrel-macos-x86_64