Last updated on 2022-08-09 12:53:38 CEST.
Flavor | Version | Tinstall | Tcheck | Ttotal | Status | Flags |
---|---|---|---|---|---|---|
r-devel-linux-x86_64-debian-clang | 0.15.2 | 31.46 | 51.36 | 82.82 | NOTE | |
r-devel-linux-x86_64-debian-gcc | 0.15.2 | 29.43 | 39.91 | 69.34 | NOTE | |
r-devel-linux-x86_64-fedora-clang | 0.15.2 | 135.18 | NOTE | |||
r-devel-linux-x86_64-fedora-gcc | 0.15.2 | 119.12 | NOTE | |||
r-devel-windows-x86_64 | 0.15.2 | 82.00 | 123.00 | 205.00 | NOTE | |
r-patched-linux-x86_64 | 0.15.2 | 32.37 | 48.19 | 80.56 | OK | |
r-release-linux-x86_64 | 0.15.2 | OK | ||||
r-release-macos-arm64 | 0.15.2 | 43.00 | OK | |||
r-release-macos-x86_64 | 0.15.2 | 52.00 | OK | |||
r-release-windows-x86_64 | 0.15.2 | 57.00 | 116.00 | 173.00 | OK | |
r-oldrel-macos-arm64 | 0.15.2 | 48.00 | OK | |||
r-oldrel-macos-x86_64 | 0.15.2 | 57.00 | OK | |||
r-oldrel-windows-ix86+x86_64 | 0.15.2 | 86.00 | 93.00 | 179.00 | OK |
Version: 0.15.2
Check: Rd files
Result: NOTE
checkRd: (-1) anneal.Rd:261: Escaped LaTeX specials: \&
checkRd: (-1) genetic.Rd:254: Escaped LaTeX specials: \&
checkRd: (-1) improve.Rd:231: Escaped LaTeX specials: \&
Flavors: r-devel-linux-x86_64-debian-clang, r-devel-linux-x86_64-debian-gcc, r-devel-linux-x86_64-fedora-clang, r-devel-linux-x86_64-fedora-gcc, r-devel-windows-x86_64
Version: 0.15.2
Check: HTML version of manual
Result: NOTE
Found the following math rendering problems:
anneal.Rd:22: Can't use function '$' in math mode in $\exp^{\frac{ac-...
glmHmat.Rd:33: Can't use function '$' in math mode in $W_{excv} = W_{a...
wald.Rd:29: Can't use function '$' in math mode in $W_{excv} = W_{a...
Flavors: r-devel-linux-x86_64-debian-clang, r-devel-linux-x86_64-debian-gcc