Last updated on 2022-06-29 14:51:31 CEST.
Flavor | Version | Tinstall | Tcheck | Ttotal | Status | Flags |
---|---|---|---|---|---|---|
r-devel-linux-x86_64-debian-clang | 1.7.0 | 13.14 | 410.18 | 423.32 | NOTE | |
r-devel-linux-x86_64-debian-gcc | 1.7.0 | 9.64 | 291.30 | 300.94 | NOTE | |
r-devel-linux-x86_64-fedora-clang | 1.7.0 | 474.73 | NOTE | |||
r-devel-linux-x86_64-fedora-gcc | 1.7.0 | 485.46 | NOTE | |||
r-devel-windows-x86_64 | 1.7.0 | 519.00 | 459.00 | 978.00 | NOTE | |
r-patched-linux-x86_64 | 1.7.0 | 14.26 | 384.38 | 398.64 | OK | |
r-release-linux-x86_64 | 1.7.0 | 11.99 | 380.79 | 392.78 | OK | |
r-release-macos-arm64 | 1.7.0 | 115.00 | OK | |||
r-release-macos-x86_64 | 1.7.0 | 163.00 | OK | |||
r-release-windows-x86_64 | 1.7.0 | 399.00 | 456.00 | 855.00 | OK | |
r-oldrel-macos-arm64 | 1.7.0 | 116.00 | OK | |||
r-oldrel-macos-x86_64 | 1.7.0 | 169.00 | OK | |||
r-oldrel-windows-ix86+x86_64 | 1.7.0 | 23.00 | 489.00 | 512.00 | OK |
Version: 1.7.0
Check: Rd files
Result: NOTE
checkRd: (-1) is_shebang.Rd:14: Escaped LaTeX specials: \#
Flavors: r-devel-linux-x86_64-debian-clang, r-devel-linux-x86_64-debian-gcc, r-devel-linux-x86_64-fedora-clang, r-devel-linux-x86_64-fedora-gcc, r-devel-windows-x86_64