CRAN Package Check Results for Package styler

Last updated on 2022-01-24 04:49:51 CET.

Flavor Version Tinstall Tcheck Ttotal Status Flags
r-devel-linux-x86_64-debian-clang 1.6.2 11.59 346.29 357.88 OK
r-devel-linux-x86_64-debian-gcc 1.6.2 8.50 249.15 257.65 OK
r-devel-linux-x86_64-fedora-clang 1.6.2 403.51 NOTE
r-devel-linux-x86_64-fedora-gcc 1.6.2 397.43 NOTE
r-devel-windows-x86_64-new-UL 1.6.2 1007.00 414.00 1421.00 OK
r-devel-windows-x86_64-new-TK 1.6.2 NOTE
r-patched-linux-x86_64 1.6.2 10.70 332.07 342.77 OK
r-release-linux-x86_64 1.6.2 8.89 331.02 339.91 OK
r-release-macos-arm64 1.6.2 NOTE
r-release-macos-x86_64 1.6.2 NOTE
r-release-windows-ix86+x86_64 1.6.2 19.00 404.00 423.00 OK
r-oldrel-macos-x86_64 1.6.2 NOTE
r-oldrel-windows-ix86+x86_64 1.6.2 20.00 395.00 415.00 OK

Check Details

Version: 1.6.2
Check: dependencies in R code
Result: NOTE
    Namespace in Imports field not imported from: ‘glue’
     All declared Imports should be used.
Flavors: r-devel-linux-x86_64-fedora-clang, r-devel-linux-x86_64-fedora-gcc, r-devel-windows-x86_64-new-TK, r-release-macos-arm64, r-release-macos-x86_64, r-oldrel-macos-x86_64