CRAN Package Check Results for Package styler

Last updated on 2018-10-18 21:48:28 CEST.

Flavor Version Tinstall Tcheck Ttotal Status Flags
r-devel-linux-x86_64-debian-clang 1.0.2 5.31 128.85 134.16 ERROR
r-devel-linux-x86_64-debian-gcc 1.0.2 ERROR
r-devel-linux-x86_64-fedora-clang 1.0.2 153.53 ERROR
r-devel-linux-x86_64-fedora-gcc 1.0.2 158.46 ERROR
r-devel-windows-ix86+x86_64 1.0.2 14.00 183.00 197.00 ERROR
r-patched-linux-x86_64 1.0.2 5.57 125.87 131.44 OK
r-patched-solaris-x86 1.0.2 191.10 OK
r-release-linux-x86_64 1.0.2 4.42 127.13 131.55 OK
r-release-windows-ix86+x86_64 1.0.2 16.00 183.00 199.00 OK
r-release-osx-x86_64 1.0.2 OK
r-oldrel-windows-ix86+x86_64 1.0.2 7.00 198.00 205.00 OK
r-oldrel-osx-x86_64 1.0.2 OK

Check Details

Version: 1.0.2
Check: tests
Result: ERROR
     Running ‘testthat.R’ [76s/82s]
    Running the tests in ‘tests/testthat.R’ failed.
    Complete output:
     > library(testthat)
     > library(styler)
     >
     > test_check("styler")
     ── 1. Failure: tree hierarchy is the same no matter whether = or <- is used (@te
     `assign_eq` not equal to `assign_left`.
     Attributes: < Component "row.names": Numeric: lengths (33, 30) differ >
     Component "levelName": Lengths (33, 30) differ (string compare on first 30)
     Component "levelName": 28 string mismatches
    
     ── 2. Failure: tree hierarchy is the same no matter whether = or <- is used (@te
     `assign_eq` not equal to `assign_left`.
     Attributes: < Component "row.names": Numeric: lengths (10, 13) differ >
     Component "levelName": Lengths (10, 13) differ (string compare on first 10)
     Component "levelName": 10 string mismatches
    
     ── 3. Failure: tree hierarchy is the same no matter whether = or <- is used (@te
     `assign_eq_many` not equal to `assign_left_many`.
     Attributes: < Component "row.names": Numeric: lengths (19, 28) differ >
     Component "levelName": Lengths (19, 28) differ (string compare on first 19)
     Component "levelName": 19 string mismatches
    
     ══ testthat results ═══════════════════════════════════════════════════════════
     OK: 169 SKIPPED: 2 FAILED: 3
     1. Failure: tree hierarchy is the same no matter whether = or <- is used (@test-relocate_eq_assign.R#21)
     2. Failure: tree hierarchy is the same no matter whether = or <- is used (@test-relocate_eq_assign.R#29)
     3. Failure: tree hierarchy is the same no matter whether = or <- is used (@test-relocate_eq_assign.R#38)
    
     Error: testthat unit tests failed
     Execution halted
Flavor: r-devel-linux-x86_64-debian-clang

Version: 1.0.2
Check: tests
Result: ERROR
     Running ‘testthat.R’ [57s/90s]
    Running the tests in ‘tests/testthat.R’ failed.
    Complete output:
     > library(testthat)
     > library(styler)
     >
     > test_check("styler")
     ── 1. Failure: tree hierarchy is the same no matter whether = or <- is used (@te
     `assign_eq` not equal to `assign_left`.
     Attributes: < Component "row.names": Numeric: lengths (33, 30) differ >
     Component "levelName": Lengths (33, 30) differ (string compare on first 30)
     Component "levelName": 28 string mismatches
    
     ── 2. Failure: tree hierarchy is the same no matter whether = or <- is used (@te
     `assign_eq` not equal to `assign_left`.
     Attributes: < Component "row.names": Numeric: lengths (10, 13) differ >
     Component "levelName": Lengths (10, 13) differ (string compare on first 10)
     Component "levelName": 10 string mismatches
    
     ── 3. Failure: tree hierarchy is the same no matter whether = or <- is used (@te
     `assign_eq_many` not equal to `assign_left_many`.
     Attributes: < Component "row.names": Numeric: lengths (19, 28) differ >
     Component "levelName": Lengths (19, 28) differ (string compare on first 19)
     Component "levelName": 19 string mismatches
    
     ══ testthat results ═══════════════════════════════════════════════════════════
     OK: 169 SKIPPED: 2 FAILED: 3
     1. Failure: tree hierarchy is the same no matter whether = or <- is used (@test-relocate_eq_assign.R#21)
     2. Failure: tree hierarchy is the same no matter whether = or <- is used (@test-relocate_eq_assign.R#29)
     3. Failure: tree hierarchy is the same no matter whether = or <- is used (@test-relocate_eq_assign.R#38)
    
     Error: testthat unit tests failed
     Execution halted
Flavor: r-devel-linux-x86_64-debian-gcc

Version: 1.0.2
Check: tests
Result: ERROR
     Running ‘testthat.R’ [86s/95s]
    Running the tests in ‘tests/testthat.R’ failed.
    Complete output:
     > library(testthat)
     > library(styler)
     >
     > test_check("styler")
     ── 1. Failure: tree hierarchy is the same no matter whether = or <- is used (@te
     `assign_eq` not equal to `assign_left`.
     Attributes: < Component "row.names": Numeric: lengths (33, 30) differ >
     Component "levelName": Lengths (33, 30) differ (string compare on first 30)
     Component "levelName": 28 string mismatches
    
     ── 2. Failure: tree hierarchy is the same no matter whether = or <- is used (@te
     `assign_eq` not equal to `assign_left`.
     Attributes: < Component "row.names": Numeric: lengths (10, 13) differ >
     Component "levelName": Lengths (10, 13) differ (string compare on first 10)
     Component "levelName": 10 string mismatches
    
     ── 3. Failure: tree hierarchy is the same no matter whether = or <- is used (@te
     `assign_eq_many` not equal to `assign_left_many`.
     Attributes: < Component "row.names": Numeric: lengths (19, 28) differ >
     Component "levelName": Lengths (19, 28) differ (string compare on first 19)
     Component "levelName": 19 string mismatches
    
     ══ testthat results ═══════════════════════════════════════════════════════════
     OK: 169 SKIPPED: 2 FAILED: 3
     1. Failure: tree hierarchy is the same no matter whether = or <- is used (@test-relocate_eq_assign.R#21)
     2. Failure: tree hierarchy is the same no matter whether = or <- is used (@test-relocate_eq_assign.R#29)
     3. Failure: tree hierarchy is the same no matter whether = or <- is used (@test-relocate_eq_assign.R#38)
    
     Error: testthat unit tests failed
     Execution halted
Flavor: r-devel-linux-x86_64-fedora-clang

Version: 1.0.2
Check: tests
Result: ERROR
     Running ‘testthat.R’ [91s/169s]
    Running the tests in ‘tests/testthat.R’ failed.
    Complete output:
     > library(testthat)
     > library(styler)
     >
     > test_check("styler")
     ── 1. Failure: tree hierarchy is the same no matter whether = or <- is used (@te
     `assign_eq` not equal to `assign_left`.
     Attributes: < Component "row.names": Numeric: lengths (33, 30) differ >
     Component "levelName": Lengths (33, 30) differ (string compare on first 30)
     Component "levelName": 28 string mismatches
    
     ── 2. Failure: tree hierarchy is the same no matter whether = or <- is used (@te
     `assign_eq` not equal to `assign_left`.
     Attributes: < Component "row.names": Numeric: lengths (10, 13) differ >
     Component "levelName": Lengths (10, 13) differ (string compare on first 10)
     Component "levelName": 10 string mismatches
    
     ── 3. Failure: tree hierarchy is the same no matter whether = or <- is used (@te
     `assign_eq_many` not equal to `assign_left_many`.
     Attributes: < Component "row.names": Numeric: lengths (19, 28) differ >
     Component "levelName": Lengths (19, 28) differ (string compare on first 19)
     Component "levelName": 19 string mismatches
    
     ══ testthat results ═══════════════════════════════════════════════════════════
     OK: 169 SKIPPED: 2 FAILED: 3
     1. Failure: tree hierarchy is the same no matter whether = or <- is used (@test-relocate_eq_assign.R#21)
     2. Failure: tree hierarchy is the same no matter whether = or <- is used (@test-relocate_eq_assign.R#29)
     3. Failure: tree hierarchy is the same no matter whether = or <- is used (@test-relocate_eq_assign.R#38)
    
     Error: testthat unit tests failed
     Execution halted
Flavor: r-devel-linux-x86_64-fedora-gcc

Version: 1.0.2
Check: tests
Result: ERROR
     Running 'testthat.R' [61s]
    Running the tests in 'tests/testthat.R' failed.
    Complete output:
     > library(testthat)
     > library(styler)
     >
     > test_check("styler")
     Styling 1 files:
     file2f2b068ca32e.R i
     ----------------------------------------
     Status Count Legend
     v 0 File unchanged.
     i 1 File changed.
     x 0 Styling threw an error.
     ----------------------------------------
     Please review the changes carefully!
     -- 1. Failure: tree hierarchy is the same no matter whether = or <- is used (@te
     `assign_eq` not equal to `assign_left`.
     Attributes: < Component "row.names": Numeric: lengths (33, 30) differ >
     Component "levelName": Lengths (33, 30) differ (string compare on first 30)
     Component "levelName": 28 string mismatches
    
     -- 2. Failure: tree hierarchy is the same no matter whether = or <- is used (@te
     `assign_eq` not equal to `assign_left`.
     Attributes: < Component "row.names": Numeric: lengths (10, 13) differ >
     Component "levelName": Lengths (10, 13) differ (string compare on first 10)
     Component "levelName": 10 string mismatches
    
     -- 3. Failure: tree hierarchy is the same no matter whether = or <- is used (@te
     `assign_eq_many` not equal to `assign_left_many`.
     Attributes: < Component "row.names": Numeric: lengths (19, 28) differ >
     Component "levelName": Lengths (19, 28) differ (string compare on first 19)
     Component "levelName": 19 string mismatches
    
     == testthat results ===========================================================
     OK: 168 SKIPPED: 2 FAILED: 3
     1. Failure: tree hierarchy is the same no matter whether = or <- is used (@test-relocate_eq_assign.R#21)
     2. Failure: tree hierarchy is the same no matter whether = or <- is used (@test-relocate_eq_assign.R#29)
     3. Failure: tree hierarchy is the same no matter whether = or <- is used (@test-relocate_eq_assign.R#38)
    
     Error: testthat unit tests failed
     Execution halted
Flavor: r-devel-windows-ix86+x86_64